{"id":1414,"date":"2023-05-02T10:34:09","date_gmt":"2023-05-02T08:34:09","guid":{"rendered":"https:\/\/www.vulcania.com\/science\/?page_id=1414"},"modified":"2025-10-31T10:23:14","modified_gmt":"2025-10-31T09:23:14","slug":"ephemeride-mai","status":"publish","type":"page","link":"https:\/\/www.vulcania.com\/science\/espace\/ephemerides\/ephemeride-mai\/","title":{"rendered":"L&rsquo;\u00e9ph\u00e9m\u00e9ride du mois de mai"},"content":{"rendered":"<div class=\"wpb-content-wrapper\"><p>[vc_row][vc_column width=\u00a0\u00bb1\/12&Prime;][\/vc_column][vc_column width=\u00a0\u00bb10\/12&Prime;][vc_column_text el_class=\u00a0\u00bbintro\u00a0\u00bb]En ce mois de mai, dernier mois de la saison du printemps, les beaux jours et les temp\u00e9ratures deviennent agr\u00e9ables. Une bonne opportunit\u00e9 pour sortir dehors et lever les yeux au ciel.[\/vc_column_text][vc_column_text]<\/p>\n<h2>Quelles plan\u00e8tes au rendez-vous en mai ?<\/h2>\n<p>Tout au long de ce mois, <strong>Mars<\/strong> la plan\u00e8te rouge et <strong>V\u00e9nus<\/strong> la plan\u00e8te la plus brillante du ciel et celle surnomm\u00e9e <strong>\u00ab\u00a0l&rsquo;\u00e9toile du Berger\u00a0\u00bb<\/strong> seront visibles en soir\u00e9e, juste apr\u00e8s le coucher du Soleil face \u00e0 l&rsquo;Ouest. Les g\u00e9antes gazeuses <strong>Jupiter<\/strong> et <strong>Saturne<\/strong> seront aussi de la partie mais dans le ciel du matin, face \u00e0 l&rsquo;Est, juste avant le lever du Soleil.[\/vc_column_text][vc_column_text]<\/p>\n<h2>Quelles constellations observer en mai ?<\/h2>\n<p>Les constellations du printemps nous accompagneront en soir\u00e9e, face au Sud, avec par exemple le <strong>Bouvier<\/strong> et son \u00e9toile principale Arcturus, le <strong>Lion<\/strong> et son \u00e9toile principale Denebola et enfin la <strong>Vierge<\/strong> et son \u00e9toile Spica situ\u00e9e \u00e0 environ 250 ann\u00e9es-lumi\u00e8re de la Terre.<\/p>\n<p>Si vous \u00eates couche-tard ou l\u00e8ve-t\u00f4t, en d\u00e9but de nuit face \u00e0 l&rsquo;Est, les constellations du ciel d&rsquo;\u00e9t\u00e9 commenceront \u00e0 se lever. L&rsquo;occasion de rep\u00e9rer le fameux <strong>\u00ab\u00a0triangle d&rsquo;\u00e9t\u00e9\u00a0\u00bb<\/strong>\u00a0compos\u00e9 de l&rsquo;\u00e9toile Vega de la constellation de la <strong>Lyre<\/strong>, l&rsquo;\u00e9toile Alta\u00efr de la constellation de l&rsquo;<strong>Aigle<\/strong> et enfin l&rsquo;\u00e9toile Deneb de la constellation du <strong>Cygne<\/strong>.[\/vc_column_text][vc_column_text]<\/p>\n<h2>Pluie d&rsquo;\u00e9toiles filantes et \u00e9clipse de Lune<\/h2>\n<p>L&rsquo;observation du ciel ne s&rsquo;arr\u00eatera pas l\u00e0. Le <strong>5 mai<\/strong>, la Terre traversera un nuage de poussi\u00e8re laiss\u00e9 par le passage de la c\u00e9l\u00e8bre com\u00e8te de Halley. Une pluie d&rsquo;\u00e9toiles filantes pourra alors \u00eatre visible en seconde partie de nuit dans la direction de la constellation du <strong>Verseau<\/strong>. Bien que ce ne soit pas la pluie d&rsquo;\u00e9toiles filantes la plus importante de l&rsquo;ann\u00e9e (environ une dizaine de m\u00e9t\u00e9ores par heure) elle m\u00e9ritera toutefois d&rsquo;\u00eatre observ\u00e9e loin de la pollution lumineuse des villes. Cette ann\u00e9e, la Lune sera presque pleine ce qui pourra emp\u00eacher une observation optimale.<\/p>\n<p>En parlant de Lune, <strong>ce m\u00eame jour<\/strong>, une <a href=\"\/science\/espace\/quest-ce-quune-eclipse\/\" target=\"_blank\" rel=\"noopener\">\u00e9clipse<\/a> de Lune par la p\u00e9nombre pourra \u00eatre observ\u00e9e pour une grande partie de l&rsquo;Europe de l&rsquo;Est. Cette derni\u00e8re d\u00e9butera \u00e0 17h14 (heure de Paris). Chez nous en France, ce n&rsquo;est que la fin du ph\u00e9nom\u00e8ne qui pourra \u00eatre observ\u00e9 aux alentours des <strong>21h15<\/strong>. Cependant, les \u00e9clipses de Lune par la p\u00e9nombre ne sont pas tr\u00e8s spectaculaires. \u00c0 ce moment, la luminosit\u00e9 de notre satellite est l\u00e9g\u00e8rement moins lumineuse que la normale. Comme les lueurs du jour seront encore pr\u00e9sentes dans le ciel, le spectacle ne sera pas exceptionnel et pratiquement invisible.[\/vc_column_text][vc_column_text]<\/p>\n<h2>Des rencontres c\u00e9lestes<\/h2>\n<p>De belles rencontres c\u00e9lestes appel\u00e9es <em>conjonctions<\/em> seront aussi \u00e0 observer. La premi\u00e8re se d\u00e9roulera le <strong>13 mai<\/strong> dans les lueurs du jour, o\u00f9 un croissant de <strong>Lune<\/strong> viendra rendre visite \u00e0 la plan\u00e8te aux anneaux <strong>Saturne<\/strong>, suivi du <strong>17 mai<\/strong> d&rsquo;un ballet c\u00e9leste entre la plus grosse plan\u00e8te du Syst\u00e8me Solaire<strong> Jupiter<\/strong> et notre satellite naturel. L&rsquo;astre <strong>S\u00e9l\u00e8ne<\/strong> sera joueur et viendra m\u00eame occulter la plan\u00e8te, mais le ph\u00e9nom\u00e8ne se d\u00e9roulera en pleine apr\u00e8s-midi en France et ne sera donc pas visible. Les deux derni\u00e8res conjonctions du mois auront lieu le<strong> 23 mai<\/strong>, avec la <strong>Lune<\/strong> et la d\u00e9esse de l&rsquo;amour <strong>V\u00e9nus<\/strong>, suivi le lendemain de la plan\u00e8te rouge, <strong>Mars<\/strong>.[\/vc_column_text][\/vc_column][vc_column width=\u00a0\u00bb1\/12&Prime;][\/vc_column][\/vc_row][vc_row][vc_column][vc_text_separator title=\u00a0\u00bbExp\u00e9rimentez \u00e0 Vulcania\u00a0\u00bb color=\u00a0\u00bbcustom\u00a0\u00bb style=\u00a0\u00bbdashed\u00a0\u00bb accent_color=\u00a0\u00bb#888888&Prime;][vc_row_inner][vc_column_inner width=\u00a0\u00bb1\/12&Prime;][\/vc_column_inner][vc_column_inner width=\u00a0\u00bb5\/12&Prime;][vc_single_image image=\u00a0\u00bb1285&Prime; img_size=\u00a0\u00bbmedium\u00a0\u00bb onclick=\u00a0\u00bbcustom_link\u00a0\u00bb link=\u00a0\u00bbhttps:\/\/www.vulcania.com\/planetarium\/\u00a0\u00bb][\/vc_column_inner][vc_column_inner width=\u00a0\u00bb5\/12&Prime;][vc_column_text]<\/p>\n<h3>Ce soir dans le ciel<\/h3>\n<p>Laissez-vous embarquer pour une d\u00e9couverte des merveilles du ciel \u00e9toil\u00e9.[\/vc_column_text][vc_btn title=\u00a0\u00bbEn savoir plus sur le plan\u00e9tarium\u00a0\u00bb link=\u00a0\u00bburl:https%3A%2F%2Fwww.vulcania.com%2Fplanetarium%2F\u00a0\u00bb el_class=\u00a0\u00bbbouton coul-1&Prime;][\/vc_column_inner][vc_column_inner width=\u00a0\u00bb1\/12&Prime;][\/vc_column_inner][\/vc_row_inner][\/vc_column][\/vc_row]<\/p>\n<\/div>","protected":false},"excerpt":{"rendered":"<p>[vc_row][vc_column width=\u00a0\u00bb1\/12&Prime;][\/vc_column][vc_column width=\u00a0\u00bb10\/12&Prime;][vc_column_text el_class=\u00a0\u00bbintro\u00a0\u00bb]En ce mois de mai, dernier mois de la saison du printemps, les beaux jours et les temp\u00e9ratures deviennent agr\u00e9ables. Une bonne opportunit\u00e9 pour sortir dehors et lever les yeux au ciel.[\/vc_column_text][vc_column_text] Quelles plan\u00e8tes au rendez-vous en mai ? Tout au long de ce mois, Mars la plan\u00e8te rouge et V\u00e9nus la [&hellip;]<\/p>\n","protected":false},"author":4,"featured_media":1415,"parent":1325,"menu_order":0,"comment_status":"closed","ping_status":"closed","template":"","meta":{"footnotes":""},"tags":[25,23],"acf":[],"yoast_head":"<!-- This site is optimized with the Yoast SEO plugin v21.9.1 - https:\/\/yoast.com\/wordpress\/plugins\/seo\/ -->\n<title>L&#039;\u00e9ph\u00e9m\u00e9ride du mois de mai<\/title>\n<meta name=\"description\" content=\"D\u00e9couvrez les \u00e9v\u00e9nements astronomiques \u00e0 ne pas manquer en mai, pour un printemps inoubliable sous la vo\u00fbte c\u00e9leste.\" \/>\n<meta name=\"robots\" content=\"index, follow, max-snippet:-1, max-image-preview:large, max-video-preview:-1\" \/>\n<link rel=\"canonical\" href=\"https:\/\/www.vulcania.com\/science\/espace\/ephemerides\/ephemeride-mai\/\" \/>\n<meta property=\"og:locale\" content=\"fr_FR\" \/>\n<meta property=\"og:type\" content=\"article\" \/>\n<meta property=\"og:title\" content=\"L&#039;\u00e9ph\u00e9m\u00e9ride du mois de mai\" \/>\n<meta property=\"og:description\" content=\"D\u00e9couvrez les \u00e9v\u00e9nements astronomiques \u00e0 ne pas manquer en mai, pour un printemps inoubliable sous la vo\u00fbte c\u00e9leste.\" \/>\n<meta property=\"og:url\" content=\"https:\/\/www.vulcania.com\/science\/espace\/ephemerides\/ephemeride-mai\/\" \/>\n<meta property=\"og:site_name\" content=\"Vulcania Sciences\" \/>\n<meta property=\"article:publisher\" content=\"https:\/\/www.facebook.com\/ParcVulcania\" \/>\n<meta property=\"article:modified_time\" content=\"2025-10-31T09:23:14+00:00\" \/>\n<meta property=\"og:image\" content=\"https:\/\/www.vulcania.com\/science\/wp-content\/uploads\/2023\/05\/ephemeride-mai_720x540.jpg\" \/>\n\t<meta property=\"og:image:width\" content=\"720\" \/>\n\t<meta property=\"og:image:height\" content=\"540\" \/>\n\t<meta property=\"og:image:type\" content=\"image\/jpeg\" \/>\n<meta name=\"twitter:card\" content=\"summary_large_image\" \/>\n<meta name=\"twitter:site\" content=\"@parc_vulcania\" \/>\n<meta name=\"twitter:label1\" content=\"Dur\u00e9e de lecture estim\u00e9e\" \/>\n\t<meta name=\"twitter:data1\" content=\"4 minutes\" \/>\n<script type=\"application\/ld+json\" class=\"yoast-schema-graph\">{\"@context\":\"https:\/\/schema.org\",\"@graph\":[{\"@type\":\"WebPage\",\"@id\":\"https:\/\/www.vulcania.com\/science\/espace\/ephemerides\/ephemeride-mai\/\",\"url\":\"https:\/\/www.vulcania.com\/science\/espace\/ephemerides\/ephemeride-mai\/\",\"name\":\"L'\u00e9ph\u00e9m\u00e9ride du mois de mai\",\"isPartOf\":{\"@id\":\"https:\/\/www.vulcania.com\/science\/#website\"},\"datePublished\":\"2023-05-02T08:34:09+00:00\",\"dateModified\":\"2025-10-31T09:23:14+00:00\",\"description\":\"D\u00e9couvrez les \u00e9v\u00e9nements astronomiques \u00e0 ne pas manquer en mai, pour un printemps inoubliable sous la vo\u00fbte c\u00e9leste.\",\"breadcrumb\":{\"@id\":\"https:\/\/www.vulcania.com\/science\/espace\/ephemerides\/ephemeride-mai\/#breadcrumb\"},\"inLanguage\":\"fr-FR\",\"potentialAction\":[{\"@type\":\"ReadAction\",\"target\":[\"https:\/\/www.vulcania.com\/science\/espace\/ephemerides\/ephemeride-mai\/\"]}]},{\"@type\":\"BreadcrumbList\",\"@id\":\"https:\/\/www.vulcania.com\/science\/espace\/ephemerides\/ephemeride-mai\/#breadcrumb\",\"itemListElement\":[{\"@type\":\"ListItem\",\"position\":1,\"name\":\"Accueil\",\"item\":\"https:\/\/www.vulcania.com\/science\/\"},{\"@type\":\"ListItem\",\"position\":2,\"name\":\"Espace\",\"item\":\"https:\/\/www.vulcania.com\/science\/espace\/\"},{\"@type\":\"ListItem\",\"position\":3,\"name\":\"Observer le ciel : \u00e9ph\u00e9m\u00e9rides 2023\",\"item\":\"https:\/\/www.vulcania.com\/science\/espace\/ephemerides\/\"},{\"@type\":\"ListItem\",\"position\":4,\"name\":\"L&rsquo;\u00e9ph\u00e9m\u00e9ride du mois de mai\"}]},{\"@type\":\"WebSite\",\"@id\":\"https:\/\/www.vulcania.com\/science\/#website\",\"url\":\"https:\/\/www.vulcania.com\/science\/\",\"name\":\"Vulcania Sciences\",\"description\":\"\",\"publisher\":{\"@id\":\"https:\/\/www.vulcania.com\/science\/#organization\"},\"potentialAction\":[{\"@type\":\"SearchAction\",\"target\":{\"@type\":\"EntryPoint\",\"urlTemplate\":\"https:\/\/www.vulcania.com\/science\/?s={search_term_string}\"},\"query-input\":\"required name=search_term_string\"}],\"inLanguage\":\"fr-FR\"},{\"@type\":\"Organization\",\"@id\":\"https:\/\/www.vulcania.com\/science\/#organization\",\"name\":\"Vulcania Sciences\",\"url\":\"https:\/\/www.vulcania.com\/science\/\",\"logo\":{\"@type\":\"ImageObject\",\"inLanguage\":\"fr-FR\",\"@id\":\"https:\/\/www.vulcania.com\/science\/#\/schema\/logo\/image\/\",\"url\":\"https:\/\/www.vulcania.com\/science\/wp-content\/uploads\/2017\/06\/logo.png\",\"contentUrl\":\"https:\/\/www.vulcania.com\/science\/wp-content\/uploads\/2017\/06\/logo.png\",\"width\":314,\"height\":142,\"caption\":\"Vulcania Sciences\"},\"image\":{\"@id\":\"https:\/\/www.vulcania.com\/science\/#\/schema\/logo\/image\/\"},\"sameAs\":[\"https:\/\/www.facebook.com\/ParcVulcania\",\"https:\/\/twitter.com\/parc_vulcania\",\"https:\/\/www.youtube.com\/user\/ParcVulcania\"]}]}<\/script>\n<!-- \/ Yoast SEO plugin. -->","yoast_head_json":{"title":"L'\u00e9ph\u00e9m\u00e9ride du mois de mai","description":"D\u00e9couvrez les \u00e9v\u00e9nements astronomiques \u00e0 ne pas manquer en mai, pour un printemps inoubliable sous la vo\u00fbte c\u00e9leste.","robots":{"index":"index","follow":"follow","max-snippet":"max-snippet:-1","max-image-preview":"max-image-preview:large","max-video-preview":"max-video-preview:-1"},"canonical":"https:\/\/www.vulcania.com\/science\/espace\/ephemerides\/ephemeride-mai\/","og_locale":"fr_FR","og_type":"article","og_title":"L'\u00e9ph\u00e9m\u00e9ride du mois de mai","og_description":"D\u00e9couvrez les \u00e9v\u00e9nements astronomiques \u00e0 ne pas manquer en mai, pour un printemps inoubliable sous la vo\u00fbte c\u00e9leste.","og_url":"https:\/\/www.vulcania.com\/science\/espace\/ephemerides\/ephemeride-mai\/","og_site_name":"Vulcania Sciences","article_publisher":"https:\/\/www.facebook.com\/ParcVulcania","article_modified_time":"2025-10-31T09:23:14+00:00","og_image":[{"width":720,"height":540,"url":"https:\/\/www.vulcania.com\/science\/wp-content\/uploads\/2023\/05\/ephemeride-mai_720x540.jpg","type":"image\/jpeg"}],"twitter_card":"summary_large_image","twitter_site":"@parc_vulcania","twitter_misc":{"Dur\u00e9e de lecture estim\u00e9e":"4 minutes"},"schema":{"@context":"https:\/\/schema.org","@graph":[{"@type":"WebPage","@id":"https:\/\/www.vulcania.com\/science\/espace\/ephemerides\/ephemeride-mai\/","url":"https:\/\/www.vulcania.com\/science\/espace\/ephemerides\/ephemeride-mai\/","name":"L'\u00e9ph\u00e9m\u00e9ride du mois de mai","isPartOf":{"@id":"https:\/\/www.vulcania.com\/science\/#website"},"datePublished":"2023-05-02T08:34:09+00:00","dateModified":"2025-10-31T09:23:14+00:00","description":"D\u00e9couvrez les \u00e9v\u00e9nements astronomiques \u00e0 ne pas manquer en mai, pour un printemps inoubliable sous la vo\u00fbte c\u00e9leste.","breadcrumb":{"@id":"https:\/\/www.vulcania.com\/science\/espace\/ephemerides\/ephemeride-mai\/#breadcrumb"},"inLanguage":"fr-FR","potentialAction":[{"@type":"ReadAction","target":["https:\/\/www.vulcania.com\/science\/espace\/ephemerides\/ephemeride-mai\/"]}]},{"@type":"BreadcrumbList","@id":"https:\/\/www.vulcania.com\/science\/espace\/ephemerides\/ephemeride-mai\/#breadcrumb","itemListElement":[{"@type":"ListItem","position":1,"name":"Accueil","item":"https:\/\/www.vulcania.com\/science\/"},{"@type":"ListItem","position":2,"name":"Espace","item":"https:\/\/www.vulcania.com\/science\/espace\/"},{"@type":"ListItem","position":3,"name":"Observer le ciel : \u00e9ph\u00e9m\u00e9rides 2023","item":"https:\/\/www.vulcania.com\/science\/espace\/ephemerides\/"},{"@type":"ListItem","position":4,"name":"L&rsquo;\u00e9ph\u00e9m\u00e9ride du mois de mai"}]},{"@type":"WebSite","@id":"https:\/\/www.vulcania.com\/science\/#website","url":"https:\/\/www.vulcania.com\/science\/","name":"Vulcania Sciences","description":"","publisher":{"@id":"https:\/\/www.vulcania.com\/science\/#organization"},"potentialAction":[{"@type":"SearchAction","target":{"@type":"EntryPoint","urlTemplate":"https:\/\/www.vulcania.com\/science\/?s={search_term_string}"},"query-input":"required name=search_term_string"}],"inLanguage":"fr-FR"},{"@type":"Organization","@id":"https:\/\/www.vulcania.com\/science\/#organization","name":"Vulcania Sciences","url":"https:\/\/www.vulcania.com\/science\/","logo":{"@type":"ImageObject","inLanguage":"fr-FR","@id":"https:\/\/www.vulcania.com\/science\/#\/schema\/logo\/image\/","url":"https:\/\/www.vulcania.com\/science\/wp-content\/uploads\/2017\/06\/logo.png","contentUrl":"https:\/\/www.vulcania.com\/science\/wp-content\/uploads\/2017\/06\/logo.png","width":314,"height":142,"caption":"Vulcania Sciences"},"image":{"@id":"https:\/\/www.vulcania.com\/science\/#\/schema\/logo\/image\/"},"sameAs":["https:\/\/www.facebook.com\/ParcVulcania","https:\/\/twitter.com\/parc_vulcania","https:\/\/www.youtube.com\/user\/ParcVulcania"]}]}},"_links":{"self":[{"href":"https:\/\/www.vulcania.com\/science\/wp-json\/wp\/v2\/pages\/1414"}],"collection":[{"href":"https:\/\/www.vulcania.com\/science\/wp-json\/wp\/v2\/pages"}],"about":[{"href":"https:\/\/www.vulcania.com\/science\/wp-json\/wp\/v2\/types\/page"}],"author":[{"embeddable":true,"href":"https:\/\/www.vulcania.com\/science\/wp-json\/wp\/v2\/users\/4"}],"replies":[{"embeddable":true,"href":"https:\/\/www.vulcania.com\/science\/wp-json\/wp\/v2\/comments?post=1414"}],"version-history":[{"count":2,"href":"https:\/\/www.vulcania.com\/science\/wp-json\/wp\/v2\/pages\/1414\/revisions"}],"predecessor-version":[{"id":1448,"href":"https:\/\/www.vulcania.com\/science\/wp-json\/wp\/v2\/pages\/1414\/revisions\/1448"}],"up":[{"embeddable":true,"href":"https:\/\/www.vulcania.com\/science\/wp-json\/wp\/v2\/pages\/1325"}],"wp:featuredmedia":[{"embeddable":true,"href":"https:\/\/www.vulcania.com\/science\/wp-json\/wp\/v2\/media\/1415"}],"wp:attachment":[{"href":"https:\/\/www.vulcania.com\/science\/wp-json\/wp\/v2\/media?parent=1414"}],"wp:term":[{"taxonomy":"tags","embeddable":true,"href":"https:\/\/www.vulcania.com\/science\/wp-json\/wp\/v2\/tags?post=1414"}],"curies":[{"name":"wp","href":"https:\/\/api.w.org\/{rel}","templated":true}]}}