{"id":1702,"date":"2024-07-08T10:01:15","date_gmt":"2024-07-08T08:01:15","guid":{"rendered":"https:\/\/www.vulcania.com\/science\/?page_id=1702"},"modified":"2025-10-22T15:14:37","modified_gmt":"2025-10-22T13:14:37","slug":"vol-inaugural-ariane-6","status":"publish","type":"page","link":"https:\/\/www.vulcania.com\/science\/espace\/vol-inaugural-ariane-6\/","title":{"rendered":"Revivez le vol inaugural d&rsquo;Ariane 6 !"},"content":{"rendered":"<div class=\"wpb-content-wrapper\"><p>[vc_row][vc_column][vc_column_text el_class=\u00a0\u00bbintro\u00a0\u00bb]Le premier lancement d&rsquo;Ariane 6 a eu lieu le 9 juillet 2024 \u00e0 21h (heure de Paris), depuis le Centre spatial guyanais (le port spatial de l&rsquo;Europe en Guyane fran\u00e7aise). Ce nouveau lanceur lourd europ\u00e9en est le r\u00e9sultat de dix ans de travail acharn\u00e9 et d&rsquo;engagement visant \u00e0 garantir l&rsquo;autonomie de l&rsquo;Europe en mati\u00e8re d&rsquo;acc\u00e8s \u00e0 l&rsquo;espace, en r\u00e9ponse \u00e0 la comp\u00e9tition internationale.[\/vc_column_text][vc_column_text]Au cours de cette soir\u00e9e exceptionnelle, les <strong>experts<\/strong> de l&rsquo;ESA, du CNES, d&rsquo;ArianeGroup et d&rsquo;Arianespace ont eu le grand plaisir de pr\u00e9senter toutes les <strong>\u00e9tapes cl\u00e9s de ce lancement<\/strong>\u00a0et d&rsquo;expliquer en d\u00e9tails le fonctionnement et les <strong>caract\u00e9ristiques techniques<\/strong> enti\u00e8rement repens\u00e9s d&rsquo;Ariane 6 et de son<strong> pas de tir ELA 4<\/strong>.<\/p>\n<p>L&rsquo;\u00e9mission a \u00e9t\u00e9 diffus\u00e9e <strong>en direct<\/strong> et en fran\u00e7ais, et a \u00e9t\u00e9 r\u00e9alis\u00e9e par l&rsquo;<strong>ESA<\/strong> en collaboration avec le <strong>CNES<\/strong>, <strong>ArianeGroup<\/strong> et <strong>Arianespace<\/strong>. Elle s&rsquo;est appuy\u00e9e sur les images <strong>en temps r\u00e9el<\/strong> provenant de la salle Jupiter du Centre spatial guyanais \u00e0 Kourou, en Guyane fran\u00e7aise.[\/vc_column_text][vc_column_text]<\/p>\n<h2>Revivez le vol inaugural d&rsquo;Ariane 6 sur la Cha\u00eene YouTube du CNES :<\/h2>\n<p>[\/vc_column_text][vc_video link=\u00a0\u00bbhttps:\/\/www.youtube.com\/live\/B5mDezzc74M\u00a0\u00bb][\/vc_column][\/vc_row]<\/p>\n<\/div>","protected":false},"excerpt":{"rendered":"<p>[vc_row][vc_column][vc_column_text el_class=\u00a0\u00bbintro\u00a0\u00bb]Le premier lancement d&rsquo;Ariane 6 a eu lieu le 9 juillet 2024 \u00e0 21h (heure de Paris), depuis le Centre spatial guyanais (le port spatial de l&rsquo;Europe en Guyane fran\u00e7aise). Ce nouveau lanceur lourd europ\u00e9en est le r\u00e9sultat de dix ans de travail acharn\u00e9 et d&rsquo;engagement visant \u00e0 garantir l&rsquo;autonomie de l&rsquo;Europe en mati\u00e8re [&hellip;]<\/p>\n","protected":false},"author":4,"featured_media":1706,"parent":1179,"menu_order":0,"comment_status":"closed","ping_status":"closed","template":"","meta":{"footnotes":""},"tags":[34,21],"acf":[],"yoast_head":"<!-- This site is optimized with the Yoast SEO plugin v21.9.1 - https:\/\/yoast.com\/wordpress\/plugins\/seo\/ -->\n<title>Revivez le vol inaugural d&#039;Ariane 6 !<\/title>\n<meta name=\"description\" content=\"Toute l&#039;actualit\u00e9 du Vol inaugural d&#039;Ariane 6 : enjeux, missions et avanc\u00e9es technologiques pour l&#039;Europe spatiale.\" \/>\n<meta name=\"robots\" content=\"index, follow, max-snippet:-1, max-image-preview:large, max-video-preview:-1\" \/>\n<link rel=\"canonical\" href=\"https:\/\/www.vulcania.com\/science\/espace\/vol-inaugural-ariane-6\/\" \/>\n<meta property=\"og:locale\" content=\"fr_FR\" \/>\n<meta property=\"og:type\" content=\"article\" \/>\n<meta property=\"og:title\" content=\"Revivez le vol inaugural d&#039;Ariane 6 !\" \/>\n<meta property=\"og:description\" content=\"Toute l&#039;actualit\u00e9 du Vol inaugural d&#039;Ariane 6 : enjeux, missions et avanc\u00e9es technologiques pour l&#039;Europe spatiale.\" \/>\n<meta property=\"og:url\" content=\"https:\/\/www.vulcania.com\/science\/espace\/vol-inaugural-ariane-6\/\" \/>\n<meta property=\"og:site_name\" content=\"Vulcania Sciences\" \/>\n<meta property=\"article:publisher\" content=\"https:\/\/www.facebook.com\/ParcVulcania\" \/>\n<meta property=\"article:modified_time\" content=\"2025-10-22T13:14:37+00:00\" \/>\n<meta property=\"og:image\" content=\"https:\/\/www.vulcania.com\/science\/wp-content\/uploads\/2024\/07\/lancement-ariane-6_720x540.jpg\" \/>\n\t<meta property=\"og:image:width\" content=\"720\" \/>\n\t<meta property=\"og:image:height\" content=\"540\" \/>\n\t<meta property=\"og:image:type\" content=\"image\/jpeg\" \/>\n<meta name=\"twitter:card\" content=\"summary_large_image\" \/>\n<meta name=\"twitter:site\" content=\"@parc_vulcania\" \/>\n<meta name=\"twitter:label1\" content=\"Dur\u00e9e de lecture estim\u00e9e\" \/>\n\t<meta name=\"twitter:data1\" content=\"2 minutes\" \/>\n<script type=\"application\/ld+json\" class=\"yoast-schema-graph\">{\"@context\":\"https:\/\/schema.org\",\"@graph\":[{\"@type\":\"WebPage\",\"@id\":\"https:\/\/www.vulcania.com\/science\/espace\/vol-inaugural-ariane-6\/\",\"url\":\"https:\/\/www.vulcania.com\/science\/espace\/vol-inaugural-ariane-6\/\",\"name\":\"Revivez le vol inaugural d'Ariane 6 !\",\"isPartOf\":{\"@id\":\"https:\/\/www.vulcania.com\/science\/#website\"},\"datePublished\":\"2024-07-08T08:01:15+00:00\",\"dateModified\":\"2025-10-22T13:14:37+00:00\",\"description\":\"Toute l'actualit\u00e9 du Vol inaugural d'Ariane 6 : enjeux, missions et avanc\u00e9es technologiques pour l'Europe spatiale.\",\"breadcrumb\":{\"@id\":\"https:\/\/www.vulcania.com\/science\/espace\/vol-inaugural-ariane-6\/#breadcrumb\"},\"inLanguage\":\"fr-FR\",\"potentialAction\":[{\"@type\":\"ReadAction\",\"target\":[\"https:\/\/www.vulcania.com\/science\/espace\/vol-inaugural-ariane-6\/\"]}]},{\"@type\":\"BreadcrumbList\",\"@id\":\"https:\/\/www.vulcania.com\/science\/espace\/vol-inaugural-ariane-6\/#breadcrumb\",\"itemListElement\":[{\"@type\":\"ListItem\",\"position\":1,\"name\":\"Accueil\",\"item\":\"https:\/\/www.vulcania.com\/science\/\"},{\"@type\":\"ListItem\",\"position\":2,\"name\":\"Espace\",\"item\":\"https:\/\/www.vulcania.com\/science\/espace\/\"},{\"@type\":\"ListItem\",\"position\":3,\"name\":\"Revivez le vol inaugural d&rsquo;Ariane 6 !\"}]},{\"@type\":\"WebSite\",\"@id\":\"https:\/\/www.vulcania.com\/science\/#website\",\"url\":\"https:\/\/www.vulcania.com\/science\/\",\"name\":\"Vulcania Sciences\",\"description\":\"\",\"publisher\":{\"@id\":\"https:\/\/www.vulcania.com\/science\/#organization\"},\"potentialAction\":[{\"@type\":\"SearchAction\",\"target\":{\"@type\":\"EntryPoint\",\"urlTemplate\":\"https:\/\/www.vulcania.com\/science\/?s={search_term_string}\"},\"query-input\":\"required name=search_term_string\"}],\"inLanguage\":\"fr-FR\"},{\"@type\":\"Organization\",\"@id\":\"https:\/\/www.vulcania.com\/science\/#organization\",\"name\":\"Vulcania Sciences\",\"url\":\"https:\/\/www.vulcania.com\/science\/\",\"logo\":{\"@type\":\"ImageObject\",\"inLanguage\":\"fr-FR\",\"@id\":\"https:\/\/www.vulcania.com\/science\/#\/schema\/logo\/image\/\",\"url\":\"https:\/\/www.vulcania.com\/science\/wp-content\/uploads\/2017\/06\/logo.png\",\"contentUrl\":\"https:\/\/www.vulcania.com\/science\/wp-content\/uploads\/2017\/06\/logo.png\",\"width\":314,\"height\":142,\"caption\":\"Vulcania Sciences\"},\"image\":{\"@id\":\"https:\/\/www.vulcania.com\/science\/#\/schema\/logo\/image\/\"},\"sameAs\":[\"https:\/\/www.facebook.com\/ParcVulcania\",\"https:\/\/twitter.com\/parc_vulcania\",\"https:\/\/www.youtube.com\/user\/ParcVulcania\"]}]}<\/script>\n<!-- \/ Yoast SEO plugin. -->","yoast_head_json":{"title":"Revivez le vol inaugural d'Ariane 6 !","description":"Toute l'actualit\u00e9 du Vol inaugural d'Ariane 6 : enjeux, missions et avanc\u00e9es technologiques pour l'Europe spatiale.","robots":{"index":"index","follow":"follow","max-snippet":"max-snippet:-1","max-image-preview":"max-image-preview:large","max-video-preview":"max-video-preview:-1"},"canonical":"https:\/\/www.vulcania.com\/science\/espace\/vol-inaugural-ariane-6\/","og_locale":"fr_FR","og_type":"article","og_title":"Revivez le vol inaugural d'Ariane 6 !","og_description":"Toute l'actualit\u00e9 du Vol inaugural d'Ariane 6 : enjeux, missions et avanc\u00e9es technologiques pour l'Europe spatiale.","og_url":"https:\/\/www.vulcania.com\/science\/espace\/vol-inaugural-ariane-6\/","og_site_name":"Vulcania Sciences","article_publisher":"https:\/\/www.facebook.com\/ParcVulcania","article_modified_time":"2025-10-22T13:14:37+00:00","og_image":[{"width":720,"height":540,"url":"https:\/\/www.vulcania.com\/science\/wp-content\/uploads\/2024\/07\/lancement-ariane-6_720x540.jpg","type":"image\/jpeg"}],"twitter_card":"summary_large_image","twitter_site":"@parc_vulcania","twitter_misc":{"Dur\u00e9e de lecture estim\u00e9e":"2 minutes"},"schema":{"@context":"https:\/\/schema.org","@graph":[{"@type":"WebPage","@id":"https:\/\/www.vulcania.com\/science\/espace\/vol-inaugural-ariane-6\/","url":"https:\/\/www.vulcania.com\/science\/espace\/vol-inaugural-ariane-6\/","name":"Revivez le vol inaugural d'Ariane 6 !","isPartOf":{"@id":"https:\/\/www.vulcania.com\/science\/#website"},"datePublished":"2024-07-08T08:01:15+00:00","dateModified":"2025-10-22T13:14:37+00:00","description":"Toute l'actualit\u00e9 du Vol inaugural d'Ariane 6 : enjeux, missions et avanc\u00e9es technologiques pour l'Europe spatiale.","breadcrumb":{"@id":"https:\/\/www.vulcania.com\/science\/espace\/vol-inaugural-ariane-6\/#breadcrumb"},"inLanguage":"fr-FR","potentialAction":[{"@type":"ReadAction","target":["https:\/\/www.vulcania.com\/science\/espace\/vol-inaugural-ariane-6\/"]}]},{"@type":"BreadcrumbList","@id":"https:\/\/www.vulcania.com\/science\/espace\/vol-inaugural-ariane-6\/#breadcrumb","itemListElement":[{"@type":"ListItem","position":1,"name":"Accueil","item":"https:\/\/www.vulcania.com\/science\/"},{"@type":"ListItem","position":2,"name":"Espace","item":"https:\/\/www.vulcania.com\/science\/espace\/"},{"@type":"ListItem","position":3,"name":"Revivez le vol inaugural d&rsquo;Ariane 6 !"}]},{"@type":"WebSite","@id":"https:\/\/www.vulcania.com\/science\/#website","url":"https:\/\/www.vulcania.com\/science\/","name":"Vulcania Sciences","description":"","publisher":{"@id":"https:\/\/www.vulcania.com\/science\/#organization"},"potentialAction":[{"@type":"SearchAction","target":{"@type":"EntryPoint","urlTemplate":"https:\/\/www.vulcania.com\/science\/?s={search_term_string}"},"query-input":"required name=search_term_string"}],"inLanguage":"fr-FR"},{"@type":"Organization","@id":"https:\/\/www.vulcania.com\/science\/#organization","name":"Vulcania Sciences","url":"https:\/\/www.vulcania.com\/science\/","logo":{"@type":"ImageObject","inLanguage":"fr-FR","@id":"https:\/\/www.vulcania.com\/science\/#\/schema\/logo\/image\/","url":"https:\/\/www.vulcania.com\/science\/wp-content\/uploads\/2017\/06\/logo.png","contentUrl":"https:\/\/www.vulcania.com\/science\/wp-content\/uploads\/2017\/06\/logo.png","width":314,"height":142,"caption":"Vulcania Sciences"},"image":{"@id":"https:\/\/www.vulcania.com\/science\/#\/schema\/logo\/image\/"},"sameAs":["https:\/\/www.facebook.com\/ParcVulcania","https:\/\/twitter.com\/parc_vulcania","https:\/\/www.youtube.com\/user\/ParcVulcania"]}]}},"_links":{"self":[{"href":"https:\/\/www.vulcania.com\/science\/wp-json\/wp\/v2\/pages\/1702"}],"collection":[{"href":"https:\/\/www.vulcania.com\/science\/wp-json\/wp\/v2\/pages"}],"about":[{"href":"https:\/\/www.vulcania.com\/science\/wp-json\/wp\/v2\/types\/page"}],"author":[{"embeddable":true,"href":"https:\/\/www.vulcania.com\/science\/wp-json\/wp\/v2\/users\/4"}],"replies":[{"embeddable":true,"href":"https:\/\/www.vulcania.com\/science\/wp-json\/wp\/v2\/comments?post=1702"}],"version-history":[{"count":5,"href":"https:\/\/www.vulcania.com\/science\/wp-json\/wp\/v2\/pages\/1702\/revisions"}],"predecessor-version":[{"id":1768,"href":"https:\/\/www.vulcania.com\/science\/wp-json\/wp\/v2\/pages\/1702\/revisions\/1768"}],"up":[{"embeddable":true,"href":"https:\/\/www.vulcania.com\/science\/wp-json\/wp\/v2\/pages\/1179"}],"wp:featuredmedia":[{"embeddable":true,"href":"https:\/\/www.vulcania.com\/science\/wp-json\/wp\/v2\/media\/1706"}],"wp:attachment":[{"href":"https:\/\/www.vulcania.com\/science\/wp-json\/wp\/v2\/media?parent=1702"}],"wp:term":[{"taxonomy":"tags","embeddable":true,"href":"https:\/\/www.vulcania.com\/science\/wp-json\/wp\/v2\/tags?post=1702"}],"curies":[{"name":"wp","href":"https:\/\/api.w.org\/{rel}","templated":true}]}}

<div class="wpb-content-wrapper"><p>[vc_row][vc_column][vc_column_text el_class= »intro »]Le premier lancement d&rsquo;Ariane 6 a eu lieu le 9 juillet 2024 à 21h (heure de Paris), depuis le Centre spatial guyanais (le port spatial de l&rsquo;Europe en Guyane française). Ce nouveau lanceur lourd européen est le résultat de dix ans de travail acharné et d&rsquo;engagement visant à garantir l&rsquo;autonomie de l&rsquo;Europe en matière d&rsquo;accès à l&rsquo;espace, en réponse à la compétition internationale.[/vc_column_text][vc_column_text]Au cours de cette soirée exceptionnelle, les <strong>experts</strong> de l&rsquo;ESA, du CNES, d&rsquo;ArianeGroup et d&rsquo;Arianespace ont eu le grand plaisir de présenter toutes les <strong>étapes clés de ce lancement</strong> et d&rsquo;expliquer en détails le fonctionnement et les <strong>caractéristiques techniques</strong> entièrement repensés d&rsquo;Ariane 6 et de son<strong> pas de tir ELA 4</strong>.</p>
<p>L&rsquo;émission a été diffusée <strong>en direct</strong> et en français, et a été réalisée par l&rsquo;<strong>ESA</strong> en collaboration avec le <strong>CNES</strong>, <strong>ArianeGroup</strong> et <strong>Arianespace</strong>. Elle s&rsquo;est appuyée sur les images <strong>en temps réel</strong> provenant de la salle Jupiter du Centre spatial guyanais à Kourou, en Guyane française.[/vc_column_text][vc_column_text]</p>
<h2>Revivez le vol inaugural d&rsquo;Ariane 6 sur la Chaîne YouTube du CNES :</h2>
<p>[/vc_column_text][vc_video link= »https://www.youtube.com/live/B5mDezzc74M »][/vc_column][/vc_row]</p>
</div>

<p>[vc_row][vc_column][vc_column_text el_class= »intro »]Le premier lancement d&rsquo;Ariane 6 a eu lieu le 9 juillet 2024 à 21h (heure de Paris), depuis le Centre spatial guyanais (le port spatial de l&rsquo;Europe en Guyane française). Ce nouveau lanceur lourd européen est le résultat de dix ans de travail acharné et d&rsquo;engagement visant à garantir l&rsquo;autonomie de l&rsquo;Europe en matière [&hellip;]</p>

<!-- This site is optimized with the Yoast SEO plugin v21.9.1 - https://yoast.com/wordpress/plugins/seo/ -->
<title>Revivez le vol inaugural d&#039;Ariane 6 !</title>
<meta name="description" content="Toute l&#039;actualité du Vol inaugural d&#039;Ariane 6 : enjeux, missions et avancées technologiques pour l&#039;Europe spatiale." />
<meta name="robots" content="index, follow, max-snippet:-1, max-image-preview:large, max-video-preview:-1" />
<link rel="canonical" href="https://www.vulcania.com/science/espace/vol-inaugural-ariane-6/" />
<meta property="og:locale" content="fr_FR" />
<meta property="og:type" content="article" />
<meta property="og:title" content="Revivez le vol inaugural d&#039;Ariane 6 !" />
<meta property="og:description" content="Toute l&#039;actualité du Vol inaugural d&#039;Ariane 6 : enjeux, missions et avancées technologiques pour l&#039;Europe spatiale." />
<meta property="og:url" content="https://www.vulcania.com/science/espace/vol-inaugural-ariane-6/" />
<meta property="og:site_name" content="Vulcania Sciences" />
<meta property="article:publisher" content="https://www.facebook.com/ParcVulcania" />
<meta property="article:modified_time" content="2025-10-22T13:14:37+00:00" />
<meta property="og:image" content="https://www.vulcania.com/science/wp-content/uploads/2024/07/lancement-ariane-6_720x540.jpg" />
	<meta property="og:image:width" content="720" />
	<meta property="og:image:height" content="540" />
	<meta property="og:image:type" content="image/jpeg" />
<meta name="twitter:card" content="summary_large_image" />
<meta name="twitter:site" content="@parc_vulcania" />
<meta name="twitter:label1" content="Durée de lecture estimée" />
	<meta name="twitter:data1" content="2 minutes" />
<script type="application/ld+json" class="yoast-schema-graph">{"@context":"https://schema.org","@graph":[{"@type":"WebPage","@id":"https://www.vulcania.com/science/espace/vol-inaugural-ariane-6/","url":"https://www.vulcania.com/science/espace/vol-inaugural-ariane-6/","name":"Revivez le vol inaugural d'Ariane 6 !","isPartOf":{"@id":"https://www.vulcania.com/science/#website"},"datePublished":"2024-07-08T08:01:15+00:00","dateModified":"2025-10-22T13:14:37+00:00","description":"Toute l'actualité du Vol inaugural d'Ariane 6 : enjeux, missions et avancées technologiques pour l'Europe spatiale.","breadcrumb":{"@id":"https://www.vulcania.com/science/espace/vol-inaugural-ariane-6/#breadcrumb"},"inLanguage":"fr-FR","potentialAction":[{"@type":"ReadAction","target":["https://www.vulcania.com/science/espace/vol-inaugural-ariane-6/"]}]},{"@type":"BreadcrumbList","@id":"https://www.vulcania.com/science/espace/vol-inaugural-ariane-6/#breadcrumb","itemListElement":[{"@type":"ListItem","position":1,"name":"Accueil","item":"https://www.vulcania.com/science/"},{"@type":"ListItem","position":2,"name":"Espace","item":"https://www.vulcania.com/science/espace/"},{"@type":"ListItem","position":3,"name":"Revivez le vol inaugural d&rsquo;Ariane 6 !"}]},{"@type":"WebSite","@id":"https://www.vulcania.com/science/#website","url":"https://www.vulcania.com/science/","name":"Vulcania Sciences","description":"","publisher":{"@id":"https://www.vulcania.com/science/#organization"},"potentialAction":[{"@type":"SearchAction","target":{"@type":"EntryPoint","urlTemplate":"https://www.vulcania.com/science/?s={search_term_string}"},"query-input":"required name=search_term_string"}],"inLanguage":"fr-FR"},{"@type":"Organization","@id":"https://www.vulcania.com/science/#organization","name":"Vulcania Sciences","url":"https://www.vulcania.com/science/","logo":{"@type":"ImageObject","inLanguage":"fr-FR","@id":"https://www.vulcania.com/science/#/schema/logo/image/","url":"https://www.vulcania.com/science/wp-content/uploads/2017/06/logo.png","contentUrl":"https://www.vulcania.com/science/wp-content/uploads/2017/06/logo.png","width":314,"height":142,"caption":"Vulcania Sciences"},"image":{"@id":"https://www.vulcania.com/science/#/schema/logo/image/"},"sameAs":["https://www.facebook.com/ParcVulcania","https://twitter.com/parc_vulcania","https://www.youtube.com/user/ParcVulcania"]}]}</script>
<!-- / Yoast SEO plugin. -->

Toute l'actualité du Vol inaugural d'Ariane 6 : enjeux, missions et avancées technologiques pour l'Europe spatiale.
