{"id":1717,"date":"2024-07-08T15:12:06","date_gmt":"2024-07-08T13:12:06","guid":{"rendered":"https:\/\/www.vulcania.com\/science\/?page_id=1717"},"modified":"2025-10-22T14:54:56","modified_gmt":"2025-10-22T12:54:56","slug":"univers-des-savants","status":"publish","type":"page","link":"https:\/\/www.vulcania.com\/science\/auvergne\/univers-des-savants\/","title":{"rendered":"Podcasts \u00ab\u00a0Univers des Savants\u00a0\u00bb avec MCRADIO"},"content":{"rendered":"<div class=\"wpb-content-wrapper\"><p>[vc_row][vc_column][vc_text_separator title=\u00a0\u00bbRetrouvez les podcasts r\u00e9alis\u00e9s par MCRADIO en partenariat avec le Parc Vulcania !\u00a0\u00bb color=\u00a0\u00bbcustom\u00a0\u00bb style=\u00a0\u00bbdashed\u00a0\u00bb accent_color=\u00a0\u00bb#888888&Prime;][vc_row_inner content_placement=\u00a0\u00bbmiddle\u00a0\u00bb][vc_column_inner width=\u00a0\u00bb5\/6&Prime;][vc_column_text el_class=\u00a0\u00bbintro\u00a0\u00bb]Dans cette \u00e9mission intitul\u00e9e \u00ab\u00a0Univers des Savants\u00a0\u00bb, et r\u00e9alis\u00e9e par l&rsquo;\u00e9quipe scientifique de Vulcania en collaboration avec MCRADIO, apprenez-en plus sur le volcanisme auvergnat ! D\u00e9couvrez Maurice et Katia Krafft, c\u00e9l\u00e8bres volcanologues dont la passion pour les volcans a permis de documenter les \u00e9ruptions \u00e0 travers films, photos et ouvrages, enrichissant ainsi notre compr\u00e9hension du volcanisme. Vous explorerez \u00e9galement l&rsquo;histoire g\u00e9ologique du Massif Central, form\u00e9 il y a 450 \u00e0 290 millions d&rsquo;ann\u00e9es, avec une activit\u00e9 volcanique notable qui a model\u00e9 les paysages et influenc\u00e9 l&rsquo;agriculture locale.[\/vc_column_text][\/vc_column_inner][vc_column_inner width=\u00a0\u00bb1\/6&Prime;][vc_single_image image=\u00a0\u00bb1719&Prime; img_size=\u00a0\u00bb\u00a0\u00bb alignment=\u00a0\u00bbcenter\u00a0\u00bb onclick=\u00a0\u00bbcustom_link\u00a0\u00bb img_link_target=\u00a0\u00bb_blank\u00a0\u00bb link=\u00a0\u00bbhttps:\/\/www.mcradio.fr\/\u00a0\u00bb][\/vc_column_inner][\/vc_row_inner][\/vc_column][\/vc_row][vc_row][vc_column][vc_row_inner content_placement=\u00a0\u00bbmiddle\u00a0\u00bb][vc_column_inner width=\u00a0\u00bb2\/3&Prime;][vc_column_text]<\/p>\n<h2>Episode 1<\/h2>\n<h3>Maurice &amp; Katia KRAFFT<\/h3>\n<p>Dans ce premier \u00e9pisode, faites connaissances avec Maurice et Katia Krafft, c\u00e9l\u00e8bres <strong>volcanologues<\/strong>, ont v\u00e9cu une aventure scientifique et humaine exceptionnelle en explorant ensemble les <strong>volcans du monde entier<\/strong>. Leur passion commune les a conduits \u00e0 documenter les \u00e9ruptions volcaniques de mani\u00e8re <strong>sans pr\u00e9c\u00e9dent<\/strong> \u00e0 travers des<strong> films<\/strong>, des <strong>photographies<\/strong> et des <strong>ouvrages<\/strong>, contribuant ainsi \u00e0 une <strong>meilleure compr\u00e9hension<\/strong> de la dynamique volcanique.<\/p>\n<p>Leur travail a \u00e9t\u00e9 crucial non seulement pour <strong>l&rsquo;avancement de la science<\/strong>, mais aussi pour la <strong>vulgarisation<\/strong> de la volcanologie, <strong>sensibilisant<\/strong> des millions de personnes aux volcans et <strong>inspirant<\/strong> de nombreuses vocations scientifiques.[\/vc_column_text][vc_btn title=\u00a0\u00bbEcouter cet \u00e9pisode\u00a0\u00bb link=\u00a0\u00bburl:https%3A%2F%2Fwww.mcradio.fr%2Fpodcasts%2Funivers-des-savants%2F115-maurice-katia-kraft%2F%23|target:_blank\u00a0\u00bb el_class=\u00a0\u00bbbouton coul-1&Prime;][\/vc_column_inner][vc_column_inner width=\u00a0\u00bb1\/3&Prime;][vc_single_image image=\u00a0\u00bb1749&Prime; img_size=\u00a0\u00bb\u00a0\u00bb alignment=\u00a0\u00bbcenter\u00a0\u00bb style=\u00a0\u00bbvc_box_rounded\u00a0\u00bb][\/vc_column_inner][\/vc_row_inner][vc_row_inner][vc_column_inner el_class=\u00a0\u00bbbloc couleur\u00a0\u00bb][vc_column_text]<\/p>\n<h3>En savoir plus&#8230;<\/h3>\n<p>Pour en savoir plus sur Maurice et Katia Krafft, retrouvez notre chronique \u00ab\u00a0Les Diables des volcans\u00a0\u00bb[\/vc_column_text][vc_btn title=\u00a0\u00bbLire la chronique\u00a0\u00bb link=\u00a0\u00bburl:https%3A%2F%2Fwww.vulcania.com%2Fscience%2Fla-chronique-les-diables-des-volcans%2F\u00a0\u00bb el_class=\u00a0\u00bbbouton coul-4 fond-transparent-2&Prime;][\/vc_column_inner][\/vc_row_inner][\/vc_column][\/vc_row][vc_row][vc_column][vc_empty_space height=\u00a0\u00bb30&Prime;][vc_separator color=\u00a0\u00bbcustom\u00a0\u00bb style=\u00a0\u00bbdashed\u00a0\u00bb accent_color=\u00a0\u00bb#888888&Prime;][\/vc_column][\/vc_row][vc_row][vc_column][vc_row_inner content_placement=\u00a0\u00bbmiddle\u00a0\u00bb][vc_column_inner width=\u00a0\u00bb2\/3&Prime;][vc_column_text]<\/p>\n<h2>Episode 2<\/h2>\n<h3>Volcan Gris ou Rouge ?<\/h3>\n<div class=\"group\/conversation-turn relative flex w-full min-w-0 flex-col agent-turn\">\n<div class=\"flex-col gap-1 md:gap-3\">\n<div class=\"flex flex-grow flex-col max-w-full\">\n<div class=\"min-h-[20px] text-message flex flex-col items-start whitespace-pre-wrap break-words [.text-message+&amp;]:mt-5 juice:w-full juice:items-end overflow-x-auto gap-2\" dir=\"auto\" data-message-author-role=\"assistant\" data-message-id=\"7b04b6b6-8ddc-40dc-b564-434aac323c26\">\n<div class=\"flex w-full flex-col gap-1 juice:empty:hidden juice:first:pt-[3px]\">\n<div class=\"markdown prose w-full break-words dark:prose-invert light\">\n<p>Explorez l&rsquo;histoire g\u00e9ologique du Massif Central et la diff\u00e9rence entre les volcans gris et rouges. Les <strong>volcans gris<\/strong>, caract\u00e9ris\u00e9s par des <strong>\u00e9ruptions explosives<\/strong>, projettent des cendres et des d\u00e9bris, cr\u00e9ant des paysages dramatiques. Les <strong>volcans rouges<\/strong>, par des <strong>\u00e9ruptions effusives<\/strong>, produisent des coul\u00e9es de lave fluide qui modifient le terrain de mani\u00e8re plus douce.<\/p>\n<p>Cet \u00e9pisode offre une <strong>compr\u00e9hension approfondie<\/strong> de ces ph\u00e9nom\u00e8nes naturels et de leur <strong>impact<\/strong> sur le Massif Central. Rejoignez ce voyage \u00e9ducatif pour d\u00e9couvrir comment ces forces naturelles ont fa\u00e7onn\u00e9 cette <strong>r\u00e9gion unique<\/strong> !<\/p>\n<\/div>\n<\/div>\n<\/div>\n<\/div>\n<\/div>\n<\/div>\n<p>[\/vc_column_text][vc_btn title=\u00a0\u00bbEcouter cet \u00e9pisode\u00a0\u00bb link=\u00a0\u00bburl:https%3A%2F%2Fwww.mcradio.fr%2Fpodcasts%2Funivers-des-savants%2F116-volcan-gris-ou-rouge%2F|target:_blank\u00a0\u00bb el_class=\u00a0\u00bbbouton coul-1&Prime;][\/vc_column_inner][vc_column_inner width=\u00a0\u00bb1\/3&Prime;][vc_single_image image=\u00a0\u00bb1743&Prime; img_size=\u00a0\u00bb\u00a0\u00bb alignment=\u00a0\u00bbcenter\u00a0\u00bb style=\u00a0\u00bbvc_box_rounded\u00a0\u00bb][\/vc_column_inner][\/vc_row_inner][vc_row_inner][vc_column_inner el_class=\u00a0\u00bbbloc couleur\u00a0\u00bb][vc_column_text]<\/p>\n<h3>Pour aller plus loin&#8230;<\/h3>\n<p>Retrouvez notre dossier sur les diff\u00e9rents types d&rsquo;\u00e9ruptions pour en savoir plus.[\/vc_column_text][vc_btn title=\u00a0\u00bbVoir le dossier\u00a0\u00bb link=\u00a0\u00bburl:https%3A%2F%2Fwww.vulcania.com%2Fscience%2Fvolcans%2Fdifferents-types-deruptions%2F\u00a0\u00bb el_class=\u00a0\u00bbbouton coul-4 fond-transparent-2&Prime;][\/vc_column_inner][\/vc_row_inner][\/vc_column][\/vc_row][vc_row][vc_column][vc_empty_space height=\u00a0\u00bb30&Prime;][vc_separator color=\u00a0\u00bbcustom\u00a0\u00bb style=\u00a0\u00bbdashed\u00a0\u00bb accent_color=\u00a0\u00bb#888888&Prime;][\/vc_column][\/vc_row][vc_row][vc_column][vc_row_inner content_placement=\u00a0\u00bbmiddle\u00a0\u00bb][vc_column_inner width=\u00a0\u00bb2\/3&Prime;][vc_column_text]<\/p>\n<h2>Episode 3<\/h2>\n<h3>L&rsquo;histoire g\u00e9ologique du Massif Central<\/h3>\n<p>Dans cet \u00e9pisode, d\u00e9couvrez l&rsquo;histoire g\u00e9ologique du Massif Central, une r\u00e9gion <strong>riche en transformations<\/strong>. Ce massif est un vestige de <strong>l&rsquo;orogen\u00e8se hercynienne<\/strong>, une cha\u00eene de montagnes form\u00e9e<strong> entre -450 et -290 millions d&rsquo;ann\u00e9es<\/strong>. L&rsquo;\u00e9rosion a fa\u00e7onn\u00e9 les paysages vari\u00e9s actuels.<\/p>\n<p><strong>L&rsquo;activit\u00e9 volcanique<\/strong> y est \u00e9galement marquante, avec des volcans parmi <strong>les plus jeunes d&rsquo;Europe<\/strong>, comme le <strong>Puy de D\u00f4me<\/strong>, form\u00e9 il y a environ 11 000 ans. Cette activit\u00e9 a influenc\u00e9 la <strong>g\u00e9ologie<\/strong>, <strong>l&rsquo;\u00e9cologie<\/strong> et la <strong>culture locale<\/strong>, en offrant des ressources naturelles et des sols fertiles favorables \u00e0 l&rsquo;agriculture.[\/vc_column_text][vc_btn title=\u00a0\u00bbEcouter cet \u00e9pisode\u00a0\u00bb link=\u00a0\u00bburl:https%3A%2F%2Fwww.mcradio.fr%2Fpodcasts%2Funivers-des-savants%2F119-l-histoire-geologique-du-massif-central%2F|target:_blank\u00a0\u00bb el_class=\u00a0\u00bbbouton coul-1&Prime;][\/vc_column_inner][vc_column_inner width=\u00a0\u00bb1\/3&Prime;][vc_single_image image=\u00a0\u00bb1759&Prime; img_size=\u00a0\u00bb\u00a0\u00bb alignment=\u00a0\u00bbcenter\u00a0\u00bb style=\u00a0\u00bbvc_box_rounded\u00a0\u00bb][\/vc_column_inner][\/vc_row_inner][vc_row_inner][vc_column_inner el_class=\u00a0\u00bbbloc couleur\u00a0\u00bb][vc_column_text]<\/p>\n<h3>Le saviez-vous ?<\/h3>\n<p>Saviez-vous que le Velay est la plus grande province volcanique du Massif Central ? Pour en savoir plus sur les volcans d&rsquo;Auvergne, lisez notre s\u00e9rie d&rsquo;articles sur les diff\u00e9rents ensembles volcaniques qui en font partie.[\/vc_column_text][vc_btn title=\u00a0\u00bbLire les articles\u00a0\u00bb link=\u00a0\u00bburl:https%3A%2F%2Fwww.vulcania.com%2Fscience%2Fauvergne%2Fvolcans-dauvergne%2F\u00a0\u00bb el_class=\u00a0\u00bbbouton coul-4 fond-transparent-2&Prime;][\/vc_column_inner][\/vc_row_inner][\/vc_column][\/vc_row][vc_row][vc_column][vc_empty_space height=\u00a0\u00bb30&Prime;][vc_separator color=\u00a0\u00bbcustom\u00a0\u00bb style=\u00a0\u00bbdashed\u00a0\u00bb accent_color=\u00a0\u00bb#888888&Prime;][\/vc_column][\/vc_row][vc_row][vc_column][vc_row_inner content_placement=\u00a0\u00bbmiddle\u00a0\u00bb][vc_column_inner width=\u00a0\u00bb2\/3&Prime;][vc_column_text]<\/p>\n<h2>Episode 4<\/h2>\n<h3>Le Mont du Cantal<\/h3>\n<p>Dans cet \u00e9pisode, nous vous emmenons \u00e0 la d\u00e9couverte du <strong>Mont du Cantal<\/strong>, un volcan <strong>embl\u00e9matique<\/strong> du d\u00e9partement nomm\u00e9 d&rsquo;apr\u00e8s lui. Explorez son <strong>histoire<\/strong>, sa <strong>g\u00e9ologie<\/strong>, ainsi que ses <strong>paysages uniques<\/strong> et la <strong>biodiversit\u00e9<\/strong> qu&rsquo;il abrite. Cet \u00e9pisode met en lumi\u00e8re les liens entre le territoire et son volcan, offrant une immersion dans l&rsquo;un des <strong>tr\u00e9sors naturels et culturels de la France<\/strong>.[\/vc_column_text][vc_btn title=\u00a0\u00bbEcouter cet \u00e9pisode\u00a0\u00bb link=\u00a0\u00bburl:https%3A%2F%2Fwww.mcradio.fr%2Fpodcasts%2Funivers-des-savants%2F125-le-mont-du-cantal%2F|target:_blank\u00a0\u00bb el_class=\u00a0\u00bbbouton coul-1&Prime;][\/vc_column_inner][vc_column_inner width=\u00a0\u00bb1\/3&Prime;][vc_single_image image=\u00a0\u00bb1775&Prime; img_size=\u00a0\u00bb\u00a0\u00bb alignment=\u00a0\u00bbcenter\u00a0\u00bb style=\u00a0\u00bbvc_box_rounded\u00a0\u00bb][\/vc_column_inner][\/vc_row_inner][vc_row_inner][vc_column_inner el_class=\u00a0\u00bbbloc couleur\u00a0\u00bb][vc_column_text]<\/p>\n<h3>Le saviez-vous ?<\/h3>\n<p>Saviez-vous qu&rsquo;avec un diam\u00e8tre de pr\u00e8s de 70 km, le massif du Cantal est le plus grand volcan d&rsquo;Europe ? Pour en savoir plus sur ce volcan, lisez notre article d\u00e9di\u00e9.[\/vc_column_text][vc_btn title=\u00a0\u00bbLire l&rsquo;article\u00a0\u00bb link=\u00a0\u00bburl:%2Fscience%2Fauvergne%2Fvolcans-dauvergne%2Fle-cantal%2F\u00a0\u00bb el_class=\u00a0\u00bbbouton coul-4 fond-transparent-2&Prime;][\/vc_column_inner][\/vc_row_inner][\/vc_column][\/vc_row][vc_row][vc_column][vc_empty_space height=\u00a0\u00bb30&Prime;][vc_separator color=\u00a0\u00bbcustom\u00a0\u00bb style=\u00a0\u00bbdashed\u00a0\u00bb accent_color=\u00a0\u00bb#888888&Prime;][\/vc_column][\/vc_row][vc_row][vc_column][vc_row_inner content_placement=\u00a0\u00bbmiddle\u00a0\u00bb][vc_column_inner width=\u00a0\u00bb2\/3&Prime;][vc_column_text]<\/p>\n<h2>Episode 5<\/h2>\n<h3>Les aurores polaires<\/h3>\n<p>Dans cet \u00e9pisode, plongez dans le ph\u00e9nom\u00e8ne fascinant des <strong>aurores polaires<\/strong>. Explorez comment les <strong>particules solaires<\/strong> interagissent avec <strong>l&rsquo;atmosph\u00e8re terrestre<\/strong> pour cr\u00e9er ce spectacle lumineux, tout en abordant les <strong>diff\u00e9rents types d&rsquo;aurores<\/strong> et les lieux id\u00e9aux pour les observer.[\/vc_column_text][vc_btn title=\u00a0\u00bbEcouter cet \u00e9pisode\u00a0\u00bb link=\u00a0\u00bburl:https%3A%2F%2Fwww.mcradio.fr%2Fpodcasts%2Funivers-des-savants%2F137-univers-des-savants%2F|target:_blank\u00a0\u00bb el_class=\u00a0\u00bbbouton coul-1&Prime;][\/vc_column_inner][vc_column_inner width=\u00a0\u00bb1\/3&Prime;][vc_single_image image=\u00a0\u00bb1777&Prime; img_size=\u00a0\u00bb\u00a0\u00bb alignment=\u00a0\u00bbcenter\u00a0\u00bb style=\u00a0\u00bbvc_box_rounded\u00a0\u00bb][\/vc_column_inner][\/vc_row_inner][\/vc_column][\/vc_row]<\/p>\n<\/div>","protected":false},"excerpt":{"rendered":"<p>[vc_row][vc_column][vc_text_separator title=\u00a0\u00bbRetrouvez les podcasts r\u00e9alis\u00e9s par MCRADIO en partenariat avec le Parc Vulcania !\u00a0\u00bb color=\u00a0\u00bbcustom\u00a0\u00bb style=\u00a0\u00bbdashed\u00a0\u00bb accent_color=\u00a0\u00bb#888888&Prime;][vc_row_inner content_placement=\u00a0\u00bbmiddle\u00a0\u00bb][vc_column_inner width=\u00a0\u00bb5\/6&Prime;][vc_column_text el_class=\u00a0\u00bbintro\u00a0\u00bb]Dans cette \u00e9mission intitul\u00e9e \u00ab\u00a0Univers des Savants\u00a0\u00bb, et r\u00e9alis\u00e9e par l&rsquo;\u00e9quipe scientifique de Vulcania en collaboration avec MCRADIO, apprenez-en plus sur le volcanisme auvergnat ! D\u00e9couvrez Maurice et Katia Krafft, c\u00e9l\u00e8bres volcanologues dont la passion pour [&hellip;]<\/p>\n","protected":false},"author":4,"featured_media":1759,"parent":99,"menu_order":0,"comment_status":"closed","ping_status":"closed","template":"","meta":{"footnotes":""},"tags":[16],"acf":[],"yoast_head":"<!-- This site is optimized with the Yoast SEO plugin v21.9.1 - https:\/\/yoast.com\/wordpress\/plugins\/seo\/ -->\n<title>Podcasts &quot;Univers des Savants&quot; avec MCRADIO<\/title>\n<meta name=\"description\" content=\"Des podcasts r\u00e9alis\u00e9s par MCRADIO et Vulcania pour en savoir plus sur le volcanisme, les volcans d&#039;Auvergne et les volcanologues incontournables Maurice et Katia Krafft.\" \/>\n<meta name=\"robots\" content=\"index, follow, max-snippet:-1, max-image-preview:large, max-video-preview:-1\" \/>\n<link rel=\"canonical\" href=\"https:\/\/www.vulcania.com\/science\/auvergne\/univers-des-savants\/\" \/>\n<meta property=\"og:locale\" content=\"fr_FR\" \/>\n<meta property=\"og:type\" content=\"article\" \/>\n<meta property=\"og:title\" content=\"Podcasts &quot;Univers des Savants&quot; avec MCRADIO\" \/>\n<meta property=\"og:description\" content=\"Des podcasts r\u00e9alis\u00e9s par MCRADIO et Vulcania pour en savoir plus sur le volcanisme, les volcans d&#039;Auvergne et les volcanologues incontournables Maurice et Katia Krafft.\" \/>\n<meta property=\"og:url\" content=\"https:\/\/www.vulcania.com\/science\/auvergne\/univers-des-savants\/\" \/>\n<meta property=\"og:site_name\" content=\"Vulcania Sciences\" \/>\n<meta property=\"article:publisher\" content=\"https:\/\/www.facebook.com\/ParcVulcania\" \/>\n<meta property=\"article:modified_time\" content=\"2025-10-22T12:54:56+00:00\" \/>\n<meta property=\"og:image\" content=\"https:\/\/www.vulcania.com\/science\/wp-content\/uploads\/2024\/07\/podcasts-mcradio_600x403.jpg\" \/>\n\t<meta property=\"og:image:width\" content=\"600\" \/>\n\t<meta property=\"og:image:height\" content=\"403\" \/>\n\t<meta property=\"og:image:type\" content=\"image\/jpeg\" \/>\n<meta name=\"twitter:card\" content=\"summary_large_image\" \/>\n<meta name=\"twitter:site\" content=\"@parc_vulcania\" \/>\n<meta name=\"twitter:label1\" content=\"Dur\u00e9e de lecture estim\u00e9e\" \/>\n\t<meta name=\"twitter:data1\" content=\"4 minutes\" \/>\n<script type=\"application\/ld+json\" class=\"yoast-schema-graph\">{\"@context\":\"https:\/\/schema.org\",\"@graph\":[{\"@type\":\"WebPage\",\"@id\":\"https:\/\/www.vulcania.com\/science\/auvergne\/univers-des-savants\/\",\"url\":\"https:\/\/www.vulcania.com\/science\/auvergne\/univers-des-savants\/\",\"name\":\"Podcasts \\\"Univers des Savants\\\" avec MCRADIO\",\"isPartOf\":{\"@id\":\"https:\/\/www.vulcania.com\/science\/#website\"},\"datePublished\":\"2024-07-08T13:12:06+00:00\",\"dateModified\":\"2025-10-22T12:54:56+00:00\",\"description\":\"Des podcasts r\u00e9alis\u00e9s par MCRADIO et Vulcania pour en savoir plus sur le volcanisme, les volcans d'Auvergne et les volcanologues incontournables Maurice et Katia Krafft.\",\"breadcrumb\":{\"@id\":\"https:\/\/www.vulcania.com\/science\/auvergne\/univers-des-savants\/#breadcrumb\"},\"inLanguage\":\"fr-FR\",\"potentialAction\":[{\"@type\":\"ReadAction\",\"target\":[\"https:\/\/www.vulcania.com\/science\/auvergne\/univers-des-savants\/\"]}]},{\"@type\":\"BreadcrumbList\",\"@id\":\"https:\/\/www.vulcania.com\/science\/auvergne\/univers-des-savants\/#breadcrumb\",\"itemListElement\":[{\"@type\":\"ListItem\",\"position\":1,\"name\":\"Accueil\",\"item\":\"https:\/\/www.vulcania.com\/science\/\"},{\"@type\":\"ListItem\",\"position\":2,\"name\":\"Auvergne\",\"item\":\"https:\/\/www.vulcania.com\/science\/auvergne\/\"},{\"@type\":\"ListItem\",\"position\":3,\"name\":\"Podcasts \u00ab\u00a0Univers des Savants\u00a0\u00bb avec MCRADIO\"}]},{\"@type\":\"WebSite\",\"@id\":\"https:\/\/www.vulcania.com\/science\/#website\",\"url\":\"https:\/\/www.vulcania.com\/science\/\",\"name\":\"Vulcania Sciences\",\"description\":\"\",\"publisher\":{\"@id\":\"https:\/\/www.vulcania.com\/science\/#organization\"},\"potentialAction\":[{\"@type\":\"SearchAction\",\"target\":{\"@type\":\"EntryPoint\",\"urlTemplate\":\"https:\/\/www.vulcania.com\/science\/?s={search_term_string}\"},\"query-input\":\"required name=search_term_string\"}],\"inLanguage\":\"fr-FR\"},{\"@type\":\"Organization\",\"@id\":\"https:\/\/www.vulcania.com\/science\/#organization\",\"name\":\"Vulcania Sciences\",\"url\":\"https:\/\/www.vulcania.com\/science\/\",\"logo\":{\"@type\":\"ImageObject\",\"inLanguage\":\"fr-FR\",\"@id\":\"https:\/\/www.vulcania.com\/science\/#\/schema\/logo\/image\/\",\"url\":\"https:\/\/www.vulcania.com\/science\/wp-content\/uploads\/2017\/06\/logo.png\",\"contentUrl\":\"https:\/\/www.vulcania.com\/science\/wp-content\/uploads\/2017\/06\/logo.png\",\"width\":314,\"height\":142,\"caption\":\"Vulcania Sciences\"},\"image\":{\"@id\":\"https:\/\/www.vulcania.com\/science\/#\/schema\/logo\/image\/\"},\"sameAs\":[\"https:\/\/www.facebook.com\/ParcVulcania\",\"https:\/\/twitter.com\/parc_vulcania\",\"https:\/\/www.youtube.com\/user\/ParcVulcania\"]}]}<\/script>\n<!-- \/ Yoast SEO plugin. -->","yoast_head_json":{"title":"Podcasts \"Univers des Savants\" avec MCRADIO","description":"Des podcasts r\u00e9alis\u00e9s par MCRADIO et Vulcania pour en savoir plus sur le volcanisme, les volcans d'Auvergne et les volcanologues incontournables Maurice et Katia Krafft.","robots":{"index":"index","follow":"follow","max-snippet":"max-snippet:-1","max-image-preview":"max-image-preview:large","max-video-preview":"max-video-preview:-1"},"canonical":"https:\/\/www.vulcania.com\/science\/auvergne\/univers-des-savants\/","og_locale":"fr_FR","og_type":"article","og_title":"Podcasts \"Univers des Savants\" avec MCRADIO","og_description":"Des podcasts r\u00e9alis\u00e9s par MCRADIO et Vulcania pour en savoir plus sur le volcanisme, les volcans d'Auvergne et les volcanologues incontournables Maurice et Katia Krafft.","og_url":"https:\/\/www.vulcania.com\/science\/auvergne\/univers-des-savants\/","og_site_name":"Vulcania Sciences","article_publisher":"https:\/\/www.facebook.com\/ParcVulcania","article_modified_time":"2025-10-22T12:54:56+00:00","og_image":[{"width":600,"height":403,"url":"https:\/\/www.vulcania.com\/science\/wp-content\/uploads\/2024\/07\/podcasts-mcradio_600x403.jpg","type":"image\/jpeg"}],"twitter_card":"summary_large_image","twitter_site":"@parc_vulcania","twitter_misc":{"Dur\u00e9e de lecture estim\u00e9e":"4 minutes"},"schema":{"@context":"https:\/\/schema.org","@graph":[{"@type":"WebPage","@id":"https:\/\/www.vulcania.com\/science\/auvergne\/univers-des-savants\/","url":"https:\/\/www.vulcania.com\/science\/auvergne\/univers-des-savants\/","name":"Podcasts \"Univers des Savants\" avec MCRADIO","isPartOf":{"@id":"https:\/\/www.vulcania.com\/science\/#website"},"datePublished":"2024-07-08T13:12:06+00:00","dateModified":"2025-10-22T12:54:56+00:00","description":"Des podcasts r\u00e9alis\u00e9s par MCRADIO et Vulcania pour en savoir plus sur le volcanisme, les volcans d'Auvergne et les volcanologues incontournables Maurice et Katia Krafft.","breadcrumb":{"@id":"https:\/\/www.vulcania.com\/science\/auvergne\/univers-des-savants\/#breadcrumb"},"inLanguage":"fr-FR","potentialAction":[{"@type":"ReadAction","target":["https:\/\/www.vulcania.com\/science\/auvergne\/univers-des-savants\/"]}]},{"@type":"BreadcrumbList","@id":"https:\/\/www.vulcania.com\/science\/auvergne\/univers-des-savants\/#breadcrumb","itemListElement":[{"@type":"ListItem","position":1,"name":"Accueil","item":"https:\/\/www.vulcania.com\/science\/"},{"@type":"ListItem","position":2,"name":"Auvergne","item":"https:\/\/www.vulcania.com\/science\/auvergne\/"},{"@type":"ListItem","position":3,"name":"Podcasts \u00ab\u00a0Univers des Savants\u00a0\u00bb avec MCRADIO"}]},{"@type":"WebSite","@id":"https:\/\/www.vulcania.com\/science\/#website","url":"https:\/\/www.vulcania.com\/science\/","name":"Vulcania Sciences","description":"","publisher":{"@id":"https:\/\/www.vulcania.com\/science\/#organization"},"potentialAction":[{"@type":"SearchAction","target":{"@type":"EntryPoint","urlTemplate":"https:\/\/www.vulcania.com\/science\/?s={search_term_string}"},"query-input":"required name=search_term_string"}],"inLanguage":"fr-FR"},{"@type":"Organization","@id":"https:\/\/www.vulcania.com\/science\/#organization","name":"Vulcania Sciences","url":"https:\/\/www.vulcania.com\/science\/","logo":{"@type":"ImageObject","inLanguage":"fr-FR","@id":"https:\/\/www.vulcania.com\/science\/#\/schema\/logo\/image\/","url":"https:\/\/www.vulcania.com\/science\/wp-content\/uploads\/2017\/06\/logo.png","contentUrl":"https:\/\/www.vulcania.com\/science\/wp-content\/uploads\/2017\/06\/logo.png","width":314,"height":142,"caption":"Vulcania Sciences"},"image":{"@id":"https:\/\/www.vulcania.com\/science\/#\/schema\/logo\/image\/"},"sameAs":["https:\/\/www.facebook.com\/ParcVulcania","https:\/\/twitter.com\/parc_vulcania","https:\/\/www.youtube.com\/user\/ParcVulcania"]}]}},"_links":{"self":[{"href":"https:\/\/www.vulcania.com\/science\/wp-json\/wp\/v2\/pages\/1717"}],"collection":[{"href":"https:\/\/www.vulcania.com\/science\/wp-json\/wp\/v2\/pages"}],"about":[{"href":"https:\/\/www.vulcania.com\/science\/wp-json\/wp\/v2\/types\/page"}],"author":[{"embeddable":true,"href":"https:\/\/www.vulcania.com\/science\/wp-json\/wp\/v2\/users\/4"}],"replies":[{"embeddable":true,"href":"https:\/\/www.vulcania.com\/science\/wp-json\/wp\/v2\/comments?post=1717"}],"version-history":[{"count":34,"href":"https:\/\/www.vulcania.com\/science\/wp-json\/wp\/v2\/pages\/1717\/revisions"}],"predecessor-version":[{"id":1778,"href":"https:\/\/www.vulcania.com\/science\/wp-json\/wp\/v2\/pages\/1717\/revisions\/1778"}],"up":[{"embeddable":true,"href":"https:\/\/www.vulcania.com\/science\/wp-json\/wp\/v2\/pages\/99"}],"wp:featuredmedia":[{"embeddable":true,"href":"https:\/\/www.vulcania.com\/science\/wp-json\/wp\/v2\/media\/1759"}],"wp:attachment":[{"href":"https:\/\/www.vulcania.com\/science\/wp-json\/wp\/v2\/media?parent=1717"}],"wp:term":[{"taxonomy":"tags","embeddable":true,"href":"https:\/\/www.vulcania.com\/science\/wp-json\/wp\/v2\/tags?post=1717"}],"curies":[{"name":"wp","href":"https:\/\/api.w.org\/{rel}","templated":true}]}}