{"id":381,"date":"2021-03-31T16:28:20","date_gmt":"2021-03-31T14:28:20","guid":{"rendered":"https:\/\/www.vulcania.com\/science\/?page_id=381"},"modified":"2023-03-22T10:07:14","modified_gmt":"2023-03-22T09:07:14","slug":"cezalier","status":"publish","type":"page","link":"https:\/\/www.vulcania.com\/science\/auvergne\/volcans-dauvergne\/cezalier\/","title":{"rendered":"C\u00e9zalier"},"content":{"rendered":"<div class=\"wpb-content-wrapper\"><p>[vc_row el_class=\u00a0\u00bbbloc-titre\u00a0\u00bb][vc_column width=\u00a0\u00bb1\/12&Prime;][\/vc_column][vc_column width=\u00a0\u00bb10\/12&Prime;][vc_column_text]\u2018\u2018Coinc\u00e9\u2019\u2019 entre Sancy et Cantal, le\u00a0<b>plateau du C\u00e9zalier<\/b>\u00a0est une r\u00e9gion \u2018\u2018napp\u00e9e\u2019\u2019 de vastes\u00a0<b>coul\u00e9es de <a href=\"\/science\/reperes\/glossaire\/#1668608406291-83839136-5e0c1aa2-532d\" target=\"_blank\" rel=\"noopener\">basalte<\/a><\/b>, \u00e9panch\u00e9es il y a plusieurs millions d\u2019ann\u00e9es. La morphologie de plateau appara\u00eet plus clairement sur sa bordure orientale, du c\u00f4t\u00e9 de la Limagne d\u2019Issoire.<\/p>\n<p>L\u2019\u00e9rosion s\u2019est ici appliqu\u00e9e \u00e0 d\u00e9chausser de fa\u00e7on spectaculaire de magnifiques coul\u00e9es prism\u00e9es, qui se retrouvent perch\u00e9es au sommet de leur soubassement cristallin.<\/p>\n<p>Il y a seulement 100 000 ans, ces vastes champs de lave furent poin\u00e7onn\u00e9s par des\u00a0<a href=\"\/science\/volcans\/differents-types-deruptions\/eruption-phreatomagmatique-et-phreatique\/\" target=\"_blank\" rel=\"noopener\"><b>\u00e9ruptions phr\u00e9atomagmatiques<\/b><\/a> tardives, pr\u00e9curseurs de l\u2019activit\u00e9 de la Cha\u00eene des Puys situ\u00e9e plus au nord.<\/p>\n<p>Elles ont donn\u00e9 au C\u00e9zalier, pays de sources et de tourbi\u00e8res, quelques beaux lacs de crat\u00e8re, comme le\u00a0<b>Lac Chauvet<\/b>. Remplissant un maar, il est ceintur\u00e9 par le l\u00e9ger relief d\u2019un anneau de <a href=\"\/science\/reperes\/glossaire\/#1668609990168-ce720486-a2f31aa2-532d\" target=\"_blank\" rel=\"noopener\">tufs<\/a>.<\/p>\n<p>Autre curiosit\u00e9, le village de <b>la Godivelle<\/b>, qui est install\u00e9 au milieu des \u2018\u2018yeux bleus\u2019\u2019, deux lacs aux origines tr\u00e8s diff\u00e9rentes. Le\u00a0<b>Lac d\u2019en-Haut<\/b>\u00a0est install\u00e9 dans l\u2019un de ces anciens\u00a0<b>crat\u00e8res de <a href=\"\/science\/reperes\/glossaire\/#1668609116035-93195f3b-71d11aa2-532d\" target=\"_blank\" rel=\"noopener\">maar<\/a><\/b>\u00a0(datant de 110 000 ans), le\u00a0<b>Lac d\u2019en-Bas<\/b> n\u2019\u00e9tant que le remplissage d\u2019une cuvette glaciaire r\u00e9cente et peu profonde.<\/p>\n<p>Le <b>Signal du Luguet<\/b>, point culminant du massif (1 551 m), est un\u00a0<b>lac de lave fig\u00e9<\/b>\u00a0depuis 5 millions d\u2019ann\u00e9es, en relief invers\u00e9.[\/vc_column_text][\/vc_column][vc_column width=\u00a0\u00bb1\/12&Prime;][\/vc_column][\/vc_row][vc_row][vc_column width=\u00a0\u00bb1\/12&Prime;][\/vc_column][vc_column width=\u00a0\u00bb10\/12&Prime;][vc_column_text]<\/p>\n<h3>Les autres ensembles g\u00e9ologiques de l&rsquo;Auvergne volcanique :<\/h3>\n<p>[\/vc_column_text][vc_basic_grid post_type=\u00a0\u00bbpage\u00a0\u00bb max_items=\u00a0\u00bb10&Prime; element_width=\u00a0\u00bb3&Prime; item=\u00a0\u00bb573&Prime; grid_id=\u00a0\u00bbvc_gid:1679475997874-355eab9a-06a9-6&Prime; taxonomies=\u00a0\u00bb18&Prime;][\/vc_column][vc_column width=\u00a0\u00bb1\/12&Prime;][\/vc_column][\/vc_row][vc_row][vc_column]<div class=\"templatera_shortcode\"><div class=\"vc_row wpb_row vc_row-fluid noprint\"><div class=\"wpb_column vc_column_container vc_col-sm-12\"><div class=\"vc_column-inner\"><div class=\"wpb_wrapper\"><div class=\"vc_separator wpb_content_element vc_separator_align_center vc_sep_width_100 vc_sep_dashed vc_sep_pos_align_center vc_separator-has-text\" ><span class=\"vc_sep_holder vc_sep_holder_l\"><span style=\"border-color:#888888;\" class=\"vc_sep_line\"><\/span><\/span><h4>Exp\u00e9rimentez \u00e0 Vulcania<\/h4><span class=\"vc_sep_holder vc_sep_holder_r\"><span style=\"border-color:#888888;\" class=\"vc_sep_line\"><\/span><\/span>\n<\/div><div class=\"vc_row wpb_row vc_inner vc_row-fluid\"><div class=\"wpb_column vc_column_container vc_col-sm-1\"><div class=\"vc_column-inner\"><div class=\"wpb_wrapper\"><\/div><\/div><\/div><div class=\"wpb_column vc_column_container vc_col-sm-5\"><div class=\"vc_column-inner\"><div class=\"wpb_wrapper\">\n\t<div  class=\"wpb_single_image wpb_content_element vc_align_left\">\n\t\t\n\t\t<figure class=\"wpb_wrapper vc_figure\">\n\t\t\t<a href=\"https:\/\/www.vulcania.com\/animation\/reveil-des-geants-d-auvergne\/\" target=\"_self\" class=\"vc_single_image-wrapper vc_box_rounded  vc_box_border_grey\"><img loading=\"lazy\" decoding=\"async\" width=\"585\" height=\"281\" src=\"https:\/\/www.vulcania.com\/science\/wp-content\/uploads\/2021\/03\/reveil-des-geants-auvergne_600x288-585x281.jpg\" class=\"vc_single_image-img attachment-medium\" alt=\"\" title=\"reveil-des-geants-auvergne_600x288\" srcset=\"https:\/\/www.vulcania.com\/science\/wp-content\/uploads\/2021\/03\/reveil-des-geants-auvergne_600x288-585x281.jpg 585w, https:\/\/www.vulcania.com\/science\/wp-content\/uploads\/2021\/03\/reveil-des-geants-auvergne_600x288.jpg 600w\" sizes=\"(max-width: 585px) 100vw, 585px\" \/><\/a>\n\t\t<\/figure>\n\t<\/div>\n<\/div><\/div><\/div><div class=\"wpb_column vc_column_container vc_col-sm-5\"><div class=\"vc_column-inner\"><div class=\"wpb_wrapper\">\n\t<div class=\"wpb_text_column wpb_content_element \" >\n\t\t<div class=\"wpb_wrapper\">\n\t\t\t<h3>R\u00e9veil des G\u00e9ants d'Auvergne<\/h3>\n<p>Depuis environ 7000 ans, le volcanisme d'Auvergne semble en sommeil... Et si les volcans de la Cha\u00eene des Puys se r\u00e9veillaient ? Vivez en direct leur r\u00e9veil dans cette attraction dynamique !<\/p>\n\n\t\t<\/div>\n\t<\/div>\n<div class=\"vc_btn3-container  bouton coul-1 vc_btn3-inline\" ><a class=\"vc_general vc_btn3 vc_btn3-size-md vc_btn3-shape-rounded vc_btn3-style-modern vc_btn3-color-grey\" href=\"https:\/\/www.vulcania.com\/animation\/reveil-des-geants-d-auvergne\/\" title=\"\">En savoir plus sur \"R\u00e9veil des g\u00e9ants d'Auvergne\"<\/a><\/div><\/div><\/div><\/div><div class=\"wpb_column vc_column_container vc_col-sm-1\"><div class=\"vc_column-inner\"><div class=\"wpb_wrapper\"><\/div><\/div><\/div><\/div><\/div><\/div><\/div><\/div><\/div>[\/vc_column][\/vc_row]<\/p>\n<\/div>","protected":false},"excerpt":{"rendered":"Exp\u00e9rimentez \u00e0 Vulcania R\u00e9veil des G\u00e9ants d'Auvergne Depuis environ 7000 ans, le volcanisme d'Auvergne semble en sommeil... Et si les volcans de la Cha\u00eene des Puys se r\u00e9veillaient ? Vivez en direct leur r\u00e9veil dans cette attraction dynamique ! En savoir plus sur \"R\u00e9veil des g\u00e9ants d'Auvergne\"","protected":false},"author":4,"featured_media":914,"parent":227,"menu_order":0,"comment_status":"closed","ping_status":"closed","template":"","meta":{"footnotes":""},"tags":[18],"acf":[],"yoast_head":"<!-- This site is optimized with the Yoast SEO plugin v21.9.1 - https:\/\/yoast.com\/wordpress\/plugins\/seo\/ -->\n<title>D\u00e9couvrez les sp\u00e9cificit\u00e9s g\u00e9ologiques du C\u00e9zalier avec Vulcania<\/title>\n<meta name=\"description\" content=\"Situ\u00e9 entre le Sancy et le Cantal, le plateau du C\u00e9zalier est r\u00e9put\u00e9 pour ses paysages d\u00e9gag\u00e9s. D\u00e9couvrez comment s&#039;est fa\u00e7onn\u00e9 cet environnement au cours du temps\u2026\" \/>\n<meta name=\"robots\" content=\"index, follow, max-snippet:-1, max-image-preview:large, max-video-preview:-1\" \/>\n<link rel=\"canonical\" href=\"https:\/\/www.vulcania.com\/science\/auvergne\/volcans-dauvergne\/cezalier\/\" \/>\n<meta property=\"og:locale\" content=\"fr_FR\" \/>\n<meta property=\"og:type\" content=\"article\" \/>\n<meta property=\"og:title\" content=\"D\u00e9couvrez les sp\u00e9cificit\u00e9s g\u00e9ologiques du C\u00e9zalier avec Vulcania\" \/>\n<meta property=\"og:description\" content=\"Situ\u00e9 entre le Sancy et le Cantal, le plateau du C\u00e9zalier est r\u00e9put\u00e9 pour ses paysages d\u00e9gag\u00e9s. D\u00e9couvrez comment s&#039;est fa\u00e7onn\u00e9 cet environnement au cours du temps\u2026\" \/>\n<meta property=\"og:url\" content=\"https:\/\/www.vulcania.com\/science\/auvergne\/volcans-dauvergne\/cezalier\/\" \/>\n<meta property=\"og:site_name\" content=\"Vulcania Sciences\" \/>\n<meta property=\"article:publisher\" content=\"https:\/\/www.facebook.com\/ParcVulcania\" \/>\n<meta property=\"article:modified_time\" content=\"2023-03-22T09:07:14+00:00\" \/>\n<meta property=\"og:image\" content=\"https:\/\/www.vulcania.com\/science\/wp-content\/uploads\/2023\/02\/opengraph-cezalier_1200x630.jpg\" \/>\n\t<meta property=\"og:image:width\" content=\"1200\" \/>\n\t<meta property=\"og:image:height\" content=\"630\" \/>\n\t<meta property=\"og:image:type\" content=\"image\/jpeg\" \/>\n<meta name=\"twitter:card\" content=\"summary_large_image\" \/>\n<meta name=\"twitter:title\" content=\"D\u00e9couvrez les sp\u00e9cificit\u00e9s g\u00e9ologiques du C\u00e9zalier avec Vulcania\" \/>\n<meta name=\"twitter:description\" content=\"Situ\u00e9 entre le Sancy et le Cantal, le plateau du C\u00e9zalier est r\u00e9put\u00e9 pour ses paysages d\u00e9gag\u00e9s. D\u00e9couvrez comment s&#039;est fa\u00e7onn\u00e9 cet environnement au cours du temps\u2026\" \/>\n<meta name=\"twitter:image\" content=\"https:\/\/www.vulcania.com\/science\/wp-content\/uploads\/2023\/02\/opengraph-cezalier_1200x630.jpg\" \/>\n<meta name=\"twitter:site\" content=\"@parc_vulcania\" \/>\n<meta name=\"twitter:label1\" content=\"Dur\u00e9e de lecture estim\u00e9e\" \/>\n\t<meta name=\"twitter:data1\" content=\"2 minutes\" \/>\n<script type=\"application\/ld+json\" class=\"yoast-schema-graph\">{\"@context\":\"https:\/\/schema.org\",\"@graph\":[{\"@type\":\"WebPage\",\"@id\":\"https:\/\/www.vulcania.com\/science\/auvergne\/volcans-dauvergne\/cezalier\/\",\"url\":\"https:\/\/www.vulcania.com\/science\/auvergne\/volcans-dauvergne\/cezalier\/\",\"name\":\"D\u00e9couvrez les sp\u00e9cificit\u00e9s g\u00e9ologiques du C\u00e9zalier avec Vulcania\",\"isPartOf\":{\"@id\":\"https:\/\/www.vulcania.com\/science\/#website\"},\"datePublished\":\"2021-03-31T14:28:20+00:00\",\"dateModified\":\"2023-03-22T09:07:14+00:00\",\"description\":\"Situ\u00e9 entre le Sancy et le Cantal, le plateau du C\u00e9zalier est r\u00e9put\u00e9 pour ses paysages d\u00e9gag\u00e9s. D\u00e9couvrez comment s'est fa\u00e7onn\u00e9 cet environnement au cours du temps\u2026\",\"breadcrumb\":{\"@id\":\"https:\/\/www.vulcania.com\/science\/auvergne\/volcans-dauvergne\/cezalier\/#breadcrumb\"},\"inLanguage\":\"fr-FR\",\"potentialAction\":[{\"@type\":\"ReadAction\",\"target\":[\"https:\/\/www.vulcania.com\/science\/auvergne\/volcans-dauvergne\/cezalier\/\"]}]},{\"@type\":\"BreadcrumbList\",\"@id\":\"https:\/\/www.vulcania.com\/science\/auvergne\/volcans-dauvergne\/cezalier\/#breadcrumb\",\"itemListElement\":[{\"@type\":\"ListItem\",\"position\":1,\"name\":\"Accueil\",\"item\":\"https:\/\/www.vulcania.com\/science\/\"},{\"@type\":\"ListItem\",\"position\":2,\"name\":\"Auvergne\",\"item\":\"https:\/\/www.vulcania.com\/science\/auvergne\/\"},{\"@type\":\"ListItem\",\"position\":3,\"name\":\"Volcans d&rsquo;Auvergne\",\"item\":\"https:\/\/www.vulcania.com\/science\/auvergne\/volcans-dauvergne\/\"},{\"@type\":\"ListItem\",\"position\":4,\"name\":\"C\u00e9zalier\"}]},{\"@type\":\"WebSite\",\"@id\":\"https:\/\/www.vulcania.com\/science\/#website\",\"url\":\"https:\/\/www.vulcania.com\/science\/\",\"name\":\"Vulcania Sciences\",\"description\":\"\",\"publisher\":{\"@id\":\"https:\/\/www.vulcania.com\/science\/#organization\"},\"potentialAction\":[{\"@type\":\"SearchAction\",\"target\":{\"@type\":\"EntryPoint\",\"urlTemplate\":\"https:\/\/www.vulcania.com\/science\/?s={search_term_string}\"},\"query-input\":\"required name=search_term_string\"}],\"inLanguage\":\"fr-FR\"},{\"@type\":\"Organization\",\"@id\":\"https:\/\/www.vulcania.com\/science\/#organization\",\"name\":\"Vulcania Sciences\",\"url\":\"https:\/\/www.vulcania.com\/science\/\",\"logo\":{\"@type\":\"ImageObject\",\"inLanguage\":\"fr-FR\",\"@id\":\"https:\/\/www.vulcania.com\/science\/#\/schema\/logo\/image\/\",\"url\":\"https:\/\/www.vulcania.com\/science\/wp-content\/uploads\/2017\/06\/logo.png\",\"contentUrl\":\"https:\/\/www.vulcania.com\/science\/wp-content\/uploads\/2017\/06\/logo.png\",\"width\":314,\"height\":142,\"caption\":\"Vulcania Sciences\"},\"image\":{\"@id\":\"https:\/\/www.vulcania.com\/science\/#\/schema\/logo\/image\/\"},\"sameAs\":[\"https:\/\/www.facebook.com\/ParcVulcania\",\"https:\/\/twitter.com\/parc_vulcania\",\"https:\/\/www.youtube.com\/user\/ParcVulcania\"]}]}<\/script>\n<!-- \/ Yoast SEO plugin. -->","yoast_head_json":{"title":"D\u00e9couvrez les sp\u00e9cificit\u00e9s g\u00e9ologiques du C\u00e9zalier avec Vulcania","description":"Situ\u00e9 entre le Sancy et le Cantal, le plateau du C\u00e9zalier est r\u00e9put\u00e9 pour ses paysages d\u00e9gag\u00e9s. D\u00e9couvrez comment s'est fa\u00e7onn\u00e9 cet environnement au cours du temps\u2026","robots":{"index":"index","follow":"follow","max-snippet":"max-snippet:-1","max-image-preview":"max-image-preview:large","max-video-preview":"max-video-preview:-1"},"canonical":"https:\/\/www.vulcania.com\/science\/auvergne\/volcans-dauvergne\/cezalier\/","og_locale":"fr_FR","og_type":"article","og_title":"D\u00e9couvrez les sp\u00e9cificit\u00e9s g\u00e9ologiques du C\u00e9zalier avec Vulcania","og_description":"Situ\u00e9 entre le Sancy et le Cantal, le plateau du C\u00e9zalier est r\u00e9put\u00e9 pour ses paysages d\u00e9gag\u00e9s. D\u00e9couvrez comment s'est fa\u00e7onn\u00e9 cet environnement au cours du temps\u2026","og_url":"https:\/\/www.vulcania.com\/science\/auvergne\/volcans-dauvergne\/cezalier\/","og_site_name":"Vulcania Sciences","article_publisher":"https:\/\/www.facebook.com\/ParcVulcania","article_modified_time":"2023-03-22T09:07:14+00:00","og_image":[{"width":1200,"height":630,"url":"https:\/\/www.vulcania.com\/science\/wp-content\/uploads\/2023\/02\/opengraph-cezalier_1200x630.jpg","type":"image\/jpeg"}],"twitter_card":"summary_large_image","twitter_title":"D\u00e9couvrez les sp\u00e9cificit\u00e9s g\u00e9ologiques du C\u00e9zalier avec Vulcania","twitter_description":"Situ\u00e9 entre le Sancy et le Cantal, le plateau du C\u00e9zalier est r\u00e9put\u00e9 pour ses paysages d\u00e9gag\u00e9s. D\u00e9couvrez comment s'est fa\u00e7onn\u00e9 cet environnement au cours du temps\u2026","twitter_image":"https:\/\/www.vulcania.com\/science\/wp-content\/uploads\/2023\/02\/opengraph-cezalier_1200x630.jpg","twitter_site":"@parc_vulcania","twitter_misc":{"Dur\u00e9e de lecture estim\u00e9e":"2 minutes"},"schema":{"@context":"https:\/\/schema.org","@graph":[{"@type":"WebPage","@id":"https:\/\/www.vulcania.com\/science\/auvergne\/volcans-dauvergne\/cezalier\/","url":"https:\/\/www.vulcania.com\/science\/auvergne\/volcans-dauvergne\/cezalier\/","name":"D\u00e9couvrez les sp\u00e9cificit\u00e9s g\u00e9ologiques du C\u00e9zalier avec Vulcania","isPartOf":{"@id":"https:\/\/www.vulcania.com\/science\/#website"},"datePublished":"2021-03-31T14:28:20+00:00","dateModified":"2023-03-22T09:07:14+00:00","description":"Situ\u00e9 entre le Sancy et le Cantal, le plateau du C\u00e9zalier est r\u00e9put\u00e9 pour ses paysages d\u00e9gag\u00e9s. D\u00e9couvrez comment s'est fa\u00e7onn\u00e9 cet environnement au cours du temps\u2026","breadcrumb":{"@id":"https:\/\/www.vulcania.com\/science\/auvergne\/volcans-dauvergne\/cezalier\/#breadcrumb"},"inLanguage":"fr-FR","potentialAction":[{"@type":"ReadAction","target":["https:\/\/www.vulcania.com\/science\/auvergne\/volcans-dauvergne\/cezalier\/"]}]},{"@type":"BreadcrumbList","@id":"https:\/\/www.vulcania.com\/science\/auvergne\/volcans-dauvergne\/cezalier\/#breadcrumb","itemListElement":[{"@type":"ListItem","position":1,"name":"Accueil","item":"https:\/\/www.vulcania.com\/science\/"},{"@type":"ListItem","position":2,"name":"Auvergne","item":"https:\/\/www.vulcania.com\/science\/auvergne\/"},{"@type":"ListItem","position":3,"name":"Volcans d&rsquo;Auvergne","item":"https:\/\/www.vulcania.com\/science\/auvergne\/volcans-dauvergne\/"},{"@type":"ListItem","position":4,"name":"C\u00e9zalier"}]},{"@type":"WebSite","@id":"https:\/\/www.vulcania.com\/science\/#website","url":"https:\/\/www.vulcania.com\/science\/","name":"Vulcania Sciences","description":"","publisher":{"@id":"https:\/\/www.vulcania.com\/science\/#organization"},"potentialAction":[{"@type":"SearchAction","target":{"@type":"EntryPoint","urlTemplate":"https:\/\/www.vulcania.com\/science\/?s={search_term_string}"},"query-input":"required name=search_term_string"}],"inLanguage":"fr-FR"},{"@type":"Organization","@id":"https:\/\/www.vulcania.com\/science\/#organization","name":"Vulcania Sciences","url":"https:\/\/www.vulcania.com\/science\/","logo":{"@type":"ImageObject","inLanguage":"fr-FR","@id":"https:\/\/www.vulcania.com\/science\/#\/schema\/logo\/image\/","url":"https:\/\/www.vulcania.com\/science\/wp-content\/uploads\/2017\/06\/logo.png","contentUrl":"https:\/\/www.vulcania.com\/science\/wp-content\/uploads\/2017\/06\/logo.png","width":314,"height":142,"caption":"Vulcania Sciences"},"image":{"@id":"https:\/\/www.vulcania.com\/science\/#\/schema\/logo\/image\/"},"sameAs":["https:\/\/www.facebook.com\/ParcVulcania","https:\/\/twitter.com\/parc_vulcania","https:\/\/www.youtube.com\/user\/ParcVulcania"]}]}},"_links":{"self":[{"href":"https:\/\/www.vulcania.com\/science\/wp-json\/wp\/v2\/pages\/381"}],"collection":[{"href":"https:\/\/www.vulcania.com\/science\/wp-json\/wp\/v2\/pages"}],"about":[{"href":"https:\/\/www.vulcania.com\/science\/wp-json\/wp\/v2\/types\/page"}],"author":[{"embeddable":true,"href":"https:\/\/www.vulcania.com\/science\/wp-json\/wp\/v2\/users\/4"}],"replies":[{"embeddable":true,"href":"https:\/\/www.vulcania.com\/science\/wp-json\/wp\/v2\/comments?post=381"}],"version-history":[{"count":23,"href":"https:\/\/www.vulcania.com\/science\/wp-json\/wp\/v2\/pages\/381\/revisions"}],"predecessor-version":[{"id":1401,"href":"https:\/\/www.vulcania.com\/science\/wp-json\/wp\/v2\/pages\/381\/revisions\/1401"}],"up":[{"embeddable":true,"href":"https:\/\/www.vulcania.com\/science\/wp-json\/wp\/v2\/pages\/227"}],"wp:featuredmedia":[{"embeddable":true,"href":"https:\/\/www.vulcania.com\/science\/wp-json\/wp\/v2\/media\/914"}],"wp:attachment":[{"href":"https:\/\/www.vulcania.com\/science\/wp-json\/wp\/v2\/media?parent=381"}],"wp:term":[{"taxonomy":"tags","embeddable":true,"href":"https:\/\/www.vulcania.com\/science\/wp-json\/wp\/v2\/tags?post=381"}],"curies":[{"name":"wp","href":"https:\/\/api.w.org\/{rel}","templated":true}]}}